CRAN Package Check Results for Package DRR

Last updated on 2022-07-05 11:49:52 CEST.

Flavor Version Tinstall Tcheck Ttotal Status Flags
r-devel-linux-x86_64-debian-clang 0.0.4 7.16 286.78 293.94 NOTE
r-devel-linux-x86_64-debian-gcc 0.0.4 8.10 213.27 221.37 NOTE
r-devel-linux-x86_64-fedora-clang 0.0.4 338.95 NOTE
r-devel-linux-x86_64-fedora-gcc 0.0.4 355.58 NOTE
r-devel-windows-x86_64 0.0.4 13.00 534.00 547.00 NOTE
r-patched-linux-x86_64 0.0.4 9.98 274.76 284.74 NOTE
r-release-linux-x86_64 0.0.4 8.02 266.92 274.94 NOTE
r-release-macos-arm64 0.0.4 85.00 NOTE
r-release-macos-x86_64 0.0.4 118.00 NOTE
r-release-windows-x86_64 0.0.4 14.00 302.00 316.00 NOTE
r-oldrel-macos-arm64 0.0.4 90.00 NOTE
r-oldrel-macos-x86_64 0.0.4 177.00 NOTE
r-oldrel-windows-ix86+x86_64 0.0.4 21.00 302.00 323.00 NOTE

Check Details

Version: 0.0.4
Check: LazyData
Result: NOTE
     'LazyData' is specified without a 'data' directory
Flavors: r-devel-linux-x86_64-debian-clang, r-devel-linux-x86_64-debian-gcc, r-devel-linux-x86_64-fedora-clang, r-devel-linux-x86_64-fedora-gcc, r-devel-windows-x86_64, r-patched-linux-x86_64, r-release-linux-x86_64, r-release-macos-arm64, r-release-macos-x86_64, r-release-windows-x86_64, r-oldrel-macos-arm64, r-oldrel-macos-x86_64, r-oldrel-windows-ix86+x86_64