Last updated on 2022-06-25 10:53:01 CEST.
Flavor | Version | Tinstall | Tcheck | Ttotal | Status | Flags |
---|---|---|---|---|---|---|
r-devel-linux-x86_64-debian-clang | 2.9 | 145.31 | 297.68 | 442.99 | OK | |
r-devel-linux-x86_64-debian-gcc | 2.9 | 119.95 | 220.27 | 340.22 | OK | |
r-devel-linux-x86_64-fedora-clang | 2.9 | 628.52 | WARN | |||
r-devel-linux-x86_64-fedora-gcc | 2.9 | 588.75 | WARN | |||
r-devel-windows-x86_64 | 2.9 | 120.00 | 327.00 | 447.00 | OK | |
r-patched-linux-x86_64 | 2.9 | 139.79 | 277.27 | 417.06 | OK | |
r-release-linux-x86_64 | 2.9 | 137.95 | 276.24 | 414.19 | OK | |
r-release-macos-arm64 | 2.9 | 140.00 | NOTE | |||
r-release-macos-x86_64 | 2.9 | 186.00 | NOTE | |||
r-release-windows-x86_64 | 2.9 | 125.00 | 330.00 | 455.00 | OK | |
r-oldrel-macos-arm64 | 2.9 | 122.00 | NOTE | |||
r-oldrel-macos-x86_64 | 2.9 | 182.00 | NOTE | |||
r-oldrel-windows-ix86+x86_64 | 2.9 | 371.00 | 433.00 | 804.00 | OK |
Version: 2.9
Check: package dependencies
Result: WARN
Requires (indirectly) orphaned package: ‘gtools’
Flavors: r-devel-linux-x86_64-fedora-clang, r-devel-linux-x86_64-fedora-gcc
Version: 2.9
Check: installed package size
Result: NOTE
installed size is 7.7Mb
sub-directories of 1Mb or more:
data 1.6Mb
libs 5.8Mb
Flavors: r-devel-linux-x86_64-fedora-clang, r-release-macos-arm64, r-release-macos-x86_64, r-oldrel-macos-arm64, r-oldrel-macos-x86_64