Last updated on 2022-07-07 12:55:22 CEST.
Flavor | Version | Tinstall | Tcheck | Ttotal | Status | Flags |
---|---|---|---|---|---|---|
r-devel-linux-x86_64-debian-clang | 1.9 | 105.72 | 279.77 | 385.49 | OK | |
r-devel-linux-x86_64-debian-gcc | 1.9 | 77.36 | 199.79 | 277.15 | OK | |
r-devel-linux-x86_64-fedora-clang | 1.9 | 507.18 | OK | |||
r-devel-linux-x86_64-fedora-gcc | 1.9 | 480.33 | OK | |||
r-devel-windows-x86_64 | 1.9 | 165.00 | 302.00 | 467.00 | OK | |
r-patched-linux-x86_64 | 1.9 | 76.31 | 267.56 | 343.87 | OK | |
r-release-linux-x86_64 | 1.9 | 83.14 | 267.58 | 350.72 | OK | |
r-release-macos-arm64 | 1.9 | 113.00 | NOTE | |||
r-release-macos-x86_64 | 1.9 | 145.00 | NOTE | |||
r-release-windows-x86_64 | 1.9 | 83.00 | 299.00 | 382.00 | OK | |
r-oldrel-macos-arm64 | 1.9 | 115.00 | NOTE | |||
r-oldrel-macos-x86_64 | 1.9 | 144.00 | NOTE | |||
r-oldrel-windows-ix86+x86_64 | 1.9 | 227.00 | 383.00 | 610.00 | OK |
Version: 1.9
Check: installed package size
Result: NOTE
installed size is 5.3Mb
sub-directories of 1Mb or more:
libs 4.7Mb
Flavors: r-release-macos-arm64, r-release-macos-x86_64, r-oldrel-macos-arm64, r-oldrel-macos-x86_64