CRAN Package Check Results for Package DOT

Last updated on 2024-04-15 11:56:20 CEST.

Flavor Version Tinstall Tcheck Ttotal Status Flags
r-devel-linux-x86_64-debian-clang 0.1 3.55 32.89 36.44 NOTE
r-devel-linux-x86_64-debian-gcc 0.1 2.64 25.54 28.18 NOTE
r-devel-linux-x86_64-fedora-clang 0.1 44.42 NOTE
r-devel-linux-x86_64-fedora-gcc 0.1 42.86 NOTE
r-prerel-macos-arm64 0.1 19.00 OK
r-prerel-windows-x86_64 0.1 4.00 49.00 53.00 OK
r-patched-linux-x86_64 0.1 3.29 32.14 35.43 NOTE
r-release-linux-x86_64 0.1 2.51 31.92 34.43 NOTE
r-release-macos-arm64 0.1 19.00 OK
r-release-macos-x86_64 0.1 27.00 OK
r-release-windows-x86_64 0.1 5.00 49.00 54.00 OK
r-oldrel-macos-arm64 0.1 19.00 OK
r-oldrel-windows-x86_64 0.1 5.00 56.00 61.00 OK

Check Details

Version: 0.1
Check: for non-standard things in the check directory
Result: NOTE Found the following files/directories: ‘myfile.ps’ ‘myfile.svg’ Flavors: r-devel-linux-x86_64-debian-clang, r-devel-linux-x86_64-debian-gcc, r-devel-linux-x86_64-fedora-clang, r-devel-linux-x86_64-fedora-gcc, r-patched-linux-x86_64, r-release-linux-x86_64