CRAN Package Check Results for Package DOPE

Last updated on 2022-06-28 12:52:22 CEST.

Flavor Version Tinstall Tcheck Ttotal Status Flags
r-devel-linux-x86_64-debian-clang 2.1.0 12.18 118.41 130.59 OK
r-devel-linux-x86_64-debian-gcc 2.1.0 9.50 87.50 97.00 OK
r-devel-linux-x86_64-fedora-clang 2.1.0 160.70 NOTE
r-devel-linux-x86_64-fedora-gcc 2.1.0 167.67 NOTE
r-devel-windows-x86_64 2.1.0 26.00 150.00 176.00 OK
r-patched-linux-x86_64 2.1.0 9.63 112.75 122.38 OK
r-release-linux-x86_64 2.1.0 11.82 110.00 121.82 OK
r-release-macos-arm64 2.1.0 49.00 NOTE
r-release-macos-x86_64 2.1.0 99.00 NOTE
r-release-windows-x86_64 2.1.0 31.00 151.00 182.00 OK
r-oldrel-macos-arm64 2.1.0 54.00 NOTE
r-oldrel-macos-x86_64 2.1.0 64.00 NOTE
r-oldrel-windows-ix86+x86_64 2.1.0 26.00 141.00 167.00 OK

Check Details

Version: 2.1.0
Check: data for non-ASCII characters
Result: NOTE
     Note: found 100 marked UTF-8 strings
Flavors: r-devel-linux-x86_64-fedora-clang, r-devel-linux-x86_64-fedora-gcc, r-release-macos-arm64, r-release-macos-x86_64, r-oldrel-macos-arm64, r-oldrel-macos-x86_64