Last updated on 2025-11-24 12:51:05 CET.
| Flavor | Version | Tinstall | Tcheck | Ttotal | Status | Flags |
|---|---|---|---|---|---|---|
| r-devel-linux-x86_64-debian-clang | 1.1 | 7.60 | 60.09 | 67.69 | NOTE | |
| r-devel-linux-x86_64-debian-gcc | 1.1 | 5.65 | 45.78 | 51.43 | NOTE | |
| r-devel-linux-x86_64-fedora-clang | 1.1 | 16.00 | 86.36 | 102.36 | OK | |
| r-devel-windows-x86_64 | 1.1 | 10.00 | 73.00 | 83.00 | OK | |
| r-patched-linux-x86_64 | 1.1 | 7.05 | 58.00 | 65.05 | OK | |
| r-release-linux-x86_64 | 1.1 | 6.24 | 58.05 | 64.29 | OK | |
| r-release-macos-arm64 | 1.1 | OK | ||||
| r-release-macos-x86_64 | 1.1 | 7.00 | 56.00 | 63.00 | OK | |
| r-release-windows-x86_64 | 1.1 | 9.00 | 92.00 | 101.00 | OK | |
| r-oldrel-macos-arm64 | 1.1 | OK | ||||
| r-oldrel-macos-x86_64 | 1.1 | 5.00 | 43.00 | 48.00 | OK | |
| r-oldrel-windows-x86_64 | 1.1 | 11.00 | 90.00 | 101.00 | OK |
Version: 1.1
Check: CRAN incoming feasibility
Result: NOTE
Maintainer: ‘Qingyang Zhang <qz008@uark.edu>’
No Authors@R field in DESCRIPTION.
Please add one, modifying
Authors@R: person(given = "Qingyang",
family = "Zhang",
role = c("aut", "cre"),
email = "qz008@uark.edu")
as necessary.
Flavors: r-devel-linux-x86_64-debian-clang, r-devel-linux-x86_64-debian-gcc