Last updated on 2024-04-19 11:56:43 CEST.
Flavor | Version | Tinstall | Tcheck | Ttotal | Status | Flags |
---|---|---|---|---|---|---|
r-devel-linux-x86_64-debian-clang | 1.0.0 | 11.54 | 24.06 | 35.60 | NOTE | |
r-devel-linux-x86_64-debian-gcc | 1.0.0 | NOTE | ||||
r-devel-linux-x86_64-fedora-clang | 1.0.0 | 50.59 | NOTE | |||
r-devel-linux-x86_64-fedora-gcc | 1.0.0 | 47.92 | NOTE | |||
r-prerel-macos-arm64 | 1.0.0 | 20.00 | NOTE | |||
r-prerel-macos-x86_64 | 1.0.0 | 34.00 | NOTE | |||
r-prerel-windows-x86_64 | 1.0.0 | 13.00 | 46.00 | 59.00 | NOTE | |
r-patched-linux-x86_64 | 1.0.0 | 12.67 | 24.30 | 36.97 | NOTE | |
r-release-linux-x86_64 | 1.0.0 | 10.95 | 23.95 | 34.90 | NOTE | |
r-release-macos-arm64 | 1.0.0 | 6.00 | ERROR | |||
r-release-macos-x86_64 | 1.0.0 | 35.00 | NOTE | |||
r-release-windows-x86_64 | 1.0.0 | 16.00 | 45.00 | 61.00 | NOTE | |
r-oldrel-macos-arm64 | 1.0.0 | 23.00 | NOTE | |||
r-oldrel-windows-x86_64 | 1.0.0 | 18.00 | 51.00 | 69.00 | NOTE |
Version: 1.0.0
Check: LazyData
Result: NOTE
'LazyData' is specified without a 'data' directory
Flavors: r-devel-linux-x86_64-debian-clang, r-devel-linux-x86_64-debian-gcc, r-devel-linux-x86_64-fedora-clang, r-devel-linux-x86_64-fedora-gcc, r-prerel-macos-arm64, r-prerel-macos-x86_64, r-prerel-windows-x86_64, r-patched-linux-x86_64, r-release-linux-x86_64, r-release-macos-x86_64, r-release-windows-x86_64, r-oldrel-macos-arm64, r-oldrel-windows-x86_64
Version: 1.0.0
Check: dependencies in R code
Result: NOTE
Namespaces in Imports field not imported from:
‘GOstats’ ‘caTools’ ‘fdrtool’
All declared Imports should be used.
Flavors: r-devel-linux-x86_64-fedora-clang, r-devel-linux-x86_64-fedora-gcc, r-oldrel-macos-arm64
Version: 1.0.0
Check: package dependencies
Result: ERROR
Package required but not available: ‘GOstats’
See section ‘The DESCRIPTION file’ in the ‘Writing R Extensions’
manual.
Flavor: r-release-macos-arm64