CRAN Package Check Results for Package DNAtools

Last updated on 2022-06-28 12:52:22 CEST.

Flavor Version Tinstall Tcheck Ttotal Status Flags
r-devel-linux-x86_64-debian-clang 0.2-4 71.61 76.07 147.68 NOTE
r-devel-linux-x86_64-debian-gcc 0.2-4 58.01 58.31 116.32 NOTE
r-devel-linux-x86_64-fedora-clang 0.2-4 222.11 NOTE
r-devel-linux-x86_64-fedora-gcc 0.2-4 207.50 NOTE
r-devel-windows-x86_64 0.2-4 85.00 135.00 220.00 NOTE
r-patched-linux-x86_64 0.2-4 60.66 74.81 135.47 NOTE
r-release-linux-x86_64 0.2-4 57.08 74.75 131.83 NOTE
r-release-macos-arm64 0.2-4 57.00 NOTE
r-release-macos-x86_64 0.2-4 74.00 NOTE
r-release-windows-x86_64 0.2-4 88.00 135.00 223.00 NOTE
r-oldrel-macos-arm64 0.2-4 57.00 NOTE
r-oldrel-macos-x86_64 0.2-4 74.00 NOTE
r-oldrel-windows-ix86+x86_64 0.2-4 174.00 146.00 320.00 NOTE

Check Details

Version: 0.2-4
Check: for GNU extensions in Makefiles
Result: NOTE
    GNU make is a SystemRequirements.
Flavors: r-devel-linux-x86_64-debian-clang, r-devel-linux-x86_64-debian-gcc, r-devel-linux-x86_64-fedora-clang, r-devel-linux-x86_64-fedora-gcc, r-devel-windows-x86_64, r-patched-linux-x86_64, r-release-linux-x86_64, r-release-macos-arm64, r-release-macos-x86_64, r-release-windows-x86_64, r-oldrel-macos-arm64, r-oldrel-macos-x86_64, r-oldrel-windows-ix86+x86_64