Last updated on 2022-06-29 11:52:07 CEST.
Flavor | Version | Tinstall | Tcheck | Ttotal | Status | Flags |
---|---|---|---|---|---|---|
r-devel-linux-x86_64-debian-clang | 6.0.6 | 100.43 | 125.67 | 226.10 | OK | |
r-devel-linux-x86_64-debian-gcc | 6.0.6 | 76.48 | 90.38 | 166.86 | OK | |
r-devel-linux-x86_64-fedora-clang | 6.0.6 | 316.87 | NOTE | |||
r-devel-linux-x86_64-fedora-gcc | 6.0.6 | 287.81 | OK | |||
r-devel-windows-x86_64 | 6.0.6 | 110.00 | 100.00 | 210.00 | NOTE | --no-vignettes |
r-patched-linux-x86_64 | 6.0.6 | 76.08 | 118.26 | 194.34 | OK | |
r-release-linux-x86_64 | 6.0.6 | 70.61 | 116.90 | 187.51 | OK | |
r-release-macos-arm64 | 6.0.6 | 72.00 | NOTE | |||
r-release-macos-x86_64 | 6.0.6 | 101.00 | NOTE | |||
r-release-windows-x86_64 | 6.0.6 | 100.00 | 501.00 | 601.00 | NOTE | --no-vignettes |
r-oldrel-macos-arm64 | 6.0.6 | 72.00 | NOTE | |||
r-oldrel-macos-x86_64 | 6.0.6 | 99.00 | NOTE | |||
r-oldrel-windows-ix86+x86_64 | 6.0.6 | 201.00 | 218.00 | 419.00 | NOTE | --no-vignettes |
Version: 6.0.6
Check: installed package size
Result: NOTE
installed size is 18.1Mb
sub-directories of 1Mb or more:
libs 17.4Mb
Flavors: r-devel-linux-x86_64-fedora-clang, r-release-macos-arm64, r-release-macos-x86_64, r-oldrel-macos-arm64, r-oldrel-macos-x86_64
Version: 6.0.6
Flags: --no-vignettes
Check: installed package size
Result: NOTE
installed size is 14.2Mb
sub-directories of 1Mb or more:
libs 13.5Mb
Flavors: r-devel-windows-x86_64, r-release-windows-x86_64, r-oldrel-windows-ix86+x86_64