Last updated on 2022-06-29 11:52:07 CEST.
Flavor | Version | Tinstall | Tcheck | Ttotal | Status | Flags |
---|---|---|---|---|---|---|
r-devel-linux-x86_64-debian-clang | 1.2.0 | 67.28 | 507.79 | 575.07 | NOTE | |
r-devel-linux-x86_64-debian-gcc | 1.2.0 | 59.70 | 373.80 | 433.50 | NOTE | |
r-devel-linux-x86_64-fedora-clang | 1.2.0 | 696.70 | WARN | |||
r-devel-linux-x86_64-fedora-gcc | 1.2.0 | 742.89 | WARN | |||
r-devel-windows-x86_64 | 1.2.0 | 86.00 | 475.00 | 561.00 | NOTE | |
r-patched-linux-x86_64 | 1.2.0 | 68.00 | 491.22 | 559.22 | OK | |
r-release-linux-x86_64 | 1.2.0 | 61.60 | 483.42 | 545.02 | OK | |
r-release-macos-arm64 | 1.2.0 | 177.00 | OK | |||
r-release-macos-x86_64 | 1.2.0 | 331.00 | OK | |||
r-release-windows-x86_64 | 1.2.0 | 90.00 | 452.00 | 542.00 | OK | |
r-oldrel-macos-arm64 | 1.2.0 | 213.00 | OK | |||
r-oldrel-macos-x86_64 | 1.2.0 | 214.00 | OK | |||
r-oldrel-windows-ix86+x86_64 | 1.2.0 | 133.00 | 488.00 | 621.00 | OK |
Version: 1.2.0
Check: Rd files
Result: NOTE
checkRd: (-1) sammy.Rd:51: Escaped LaTeX specials: \$
Flavors: r-devel-linux-x86_64-debian-clang, r-devel-linux-x86_64-debian-gcc, r-devel-linux-x86_64-fedora-clang, r-devel-linux-x86_64-fedora-gcc, r-devel-windows-x86_64
Version: 1.2.0
Check: package dependencies
Result: WARN
Requires (indirectly) orphaned package: ‘gtools’
Flavors: r-devel-linux-x86_64-fedora-clang, r-devel-linux-x86_64-fedora-gcc