CRAN Package Check Results for Package DIDmultiplegt

Last updated on 2022-06-26 11:52:30 CEST.

Flavor Version Tinstall Tcheck Ttotal Status Flags
r-devel-linux-x86_64-debian-clang 0.1.0 7.11 207.10 214.21 NOTE
r-devel-linux-x86_64-debian-gcc 0.1.0 5.87 147.01 152.88 NOTE
r-devel-linux-x86_64-fedora-clang 0.1.0 253.40 NOTE
r-devel-linux-x86_64-fedora-gcc 0.1.0 265.48 NOTE
r-devel-windows-x86_64 0.1.0 30.00 219.00 249.00 NOTE
r-patched-linux-x86_64 0.1.0 5.55 189.92 195.47 NOTE
r-release-linux-x86_64 0.1.0 7.91 192.59 200.50 NOTE
r-release-macos-arm64 0.1.0 48.00 NOTE
r-release-macos-x86_64 0.1.0 107.00 NOTE
r-release-windows-x86_64 0.1.0 15.00 218.00 233.00 NOTE
r-oldrel-macos-arm64 0.1.0 58.00 NOTE
r-oldrel-macos-x86_64 0.1.0 103.00 NOTE
r-oldrel-windows-ix86+x86_64 0.1.0 18.00 241.00 259.00 NOTE

Check Details

Version: 0.1.0
Check: LazyData
Result: NOTE
     'LazyData' is specified without a 'data' directory
Flavors: r-devel-linux-x86_64-debian-clang, r-devel-linux-x86_64-debian-gcc, r-devel-linux-x86_64-fedora-clang, r-devel-linux-x86_64-fedora-gcc, r-devel-windows-x86_64, r-patched-linux-x86_64, r-release-linux-x86_64, r-release-macos-arm64, r-release-macos-x86_64, r-release-windows-x86_64, r-oldrel-macos-arm64, r-oldrel-macos-x86_64, r-oldrel-windows-ix86+x86_64