Last updated on 2024-04-17 10:41:34 CEST.
Flavor | Version | Tinstall | Tcheck | Ttotal | Status | Flags |
---|---|---|---|---|---|---|
r-devel-linux-x86_64-debian-clang | 1.7.4 | 38.16 | 123.57 | 161.73 | NOTE | |
r-devel-linux-x86_64-debian-gcc | 1.7.4 | 33.79 | 93.85 | 127.64 | NOTE | |
r-devel-linux-x86_64-fedora-clang | 1.7.4 | 216.64 | NOTE | |||
r-devel-linux-x86_64-fedora-gcc | 1.7.4 | 208.66 | NOTE | |||
r-prerel-macos-arm64 | 1.7.4 | 54.00 | NOTE | |||
r-prerel-windows-x86_64 | 1.7.4 | 34.00 | 162.00 | 196.00 | NOTE | |
r-patched-linux-x86_64 | 1.7.4 | 43.49 | 116.27 | 159.76 | NOTE | |
r-release-linux-x86_64 | 1.7.4 | 42.75 | 123.19 | 165.94 | NOTE | |
r-release-macos-arm64 | 1.7.4 | 57.00 | NOTE | |||
r-release-macos-x86_64 | 1.7.4 | 106.00 | NOTE | |||
r-release-windows-x86_64 | 1.7.4 | 49.00 | 159.00 | 208.00 | NOTE | |
r-oldrel-macos-arm64 | 1.7.4 | 58.00 | OK | |||
r-oldrel-windows-x86_64 | 1.7.4 | 42.00 | 150.00 | 192.00 | OK |
Version: 1.7.4
Check: C++ specification
Result: NOTE
Specified C++11: please drop specification unless essential
Flavors: r-devel-linux-x86_64-debian-clang, r-devel-linux-x86_64-debian-gcc, r-devel-linux-x86_64-fedora-clang, r-devel-linux-x86_64-fedora-gcc, r-prerel-macos-arm64, r-prerel-windows-x86_64, r-patched-linux-x86_64, r-release-linux-x86_64, r-release-macos-arm64, r-release-macos-x86_64, r-release-windows-x86_64