Last updated on 2025-04-16 12:49:30 CEST.
Flavor | Version | Tinstall | Tcheck | Ttotal | Status | Flags |
---|---|---|---|---|---|---|
r-devel-linux-x86_64-debian-clang | 1.7.4 | 28.16 | 101.28 | 129.44 | NOTE | |
r-devel-linux-x86_64-debian-gcc | 1.7.4 | 18.74 | 71.63 | 90.37 | NOTE | |
r-devel-linux-x86_64-fedora-clang | 1.7.4 | 206.81 | NOTE | |||
r-devel-linux-x86_64-fedora-gcc | 1.7.4 | 197.94 | NOTE | |||
r-devel-windows-x86_64 | 1.7.4 | 34.00 | 127.00 | 161.00 | NOTE | |
r-patched-linux-x86_64 | 1.7.4 | 27.05 | 93.82 | 120.87 | NOTE | |
r-release-linux-x86_64 | 1.7.4 | 27.39 | 93.49 | 120.88 | NOTE | |
r-release-macos-arm64 | 1.7.4 | 58.00 | NOTE | |||
r-release-macos-x86_64 | 1.7.4 | 104.00 | NOTE | |||
r-release-windows-x86_64 | 1.7.4 | 34.00 | 127.00 | 161.00 | NOTE | |
r-oldrel-macos-arm64 | 1.7.4 | 54.00 | NOTE | |||
r-oldrel-macos-x86_64 | 1.7.4 | 111.00 | NOTE | |||
r-oldrel-windows-x86_64 | 1.7.4 | 41.00 | 161.00 | 202.00 | NOTE |
Version: 1.7.4
Check: C++ specification
Result: NOTE
Specified C++11: please drop specification unless essential
Flavors: r-devel-linux-x86_64-debian-clang, r-devel-linux-x86_64-debian-gcc, r-devel-linux-x86_64-fedora-clang, r-devel-linux-x86_64-fedora-gcc, r-devel-windows-x86_64, r-patched-linux-x86_64, r-release-linux-x86_64, r-release-macos-arm64, r-release-macos-x86_64, r-release-windows-x86_64, r-oldrel-macos-arm64, r-oldrel-macos-x86_64, r-oldrel-windows-x86_64