Last updated on 2024-03-18 10:54:52 CET.
Flavor | Version | Tinstall | Tcheck | Ttotal | Status | Flags |
---|---|---|---|---|---|---|
r-devel-linux-x86_64-debian-clang | 1.0.3 | 29.29 | 303.34 | 332.63 | OK | |
r-devel-linux-x86_64-debian-gcc | 1.0.3 | 27.47 | 229.63 | 257.10 | OK | |
r-devel-linux-x86_64-fedora-clang | 1.0.3 | 420.73 | OK | |||
r-devel-linux-x86_64-fedora-gcc | 1.0.3 | 436.76 | OK | |||
r-devel-windows-x86_64 | 1.0.3 | 28.00 | 222.00 | 250.00 | NOTE | |
r-patched-linux-x86_64 | 1.0.3 | 20.95 | 297.35 | 318.30 | OK | |
r-release-linux-x86_64 | 1.0.3 | 26.10 | 294.57 | 320.67 | OK | |
r-release-macos-arm64 | 1.0.3 | 121.00 | NOTE | |||
r-release-macos-x86_64 | 1.0.3 | 214.00 | NOTE | |||
r-release-windows-x86_64 | 1.0.3 | 36.00 | 291.00 | 327.00 | NOTE | |
r-oldrel-macos-arm64 | 1.0.3 | 82.00 | OK | |||
r-oldrel-windows-x86_64 | 1.0.3 | 37.00 | 273.00 | 310.00 | NOTE |
Version: 1.0.3
Check: package dependencies
Result: NOTE
Package suggested but not available for checking: 'doMC'
Flavors: r-devel-windows-x86_64, r-release-windows-x86_64, r-oldrel-windows-x86_64
Version: 1.0.3
Check: package dependencies
Result: NOTE
Packages suggested but not available for checking: 'GOstats', 'MEGENA'
Flavor: r-release-macos-arm64
Version: 1.0.3
Check: package dependencies
Result: NOTE
Package suggested but not available for checking: ‘GOstats’
Flavor: r-release-macos-x86_64