Last updated on 2022-07-05 11:49:51 CEST.
Flavor | Version | Tinstall | Tcheck | Ttotal | Status | Flags |
---|---|---|---|---|---|---|
r-devel-linux-x86_64-debian-clang | 0.2.3 | 15.92 | 103.20 | 119.12 | OK | |
r-devel-linux-x86_64-debian-gcc | 0.2.3 | 9.94 | 78.93 | 88.87 | OK | |
r-devel-linux-x86_64-fedora-clang | 0.2.3 | 149.99 | WARN | |||
r-devel-linux-x86_64-fedora-gcc | 0.2.3 | 149.84 | WARN | |||
r-devel-windows-x86_64 | 0.2.3 | 31.00 | 121.00 | 152.00 | OK | |
r-patched-linux-x86_64 | 0.2.3 | 12.59 | 99.66 | 112.25 | OK | |
r-release-linux-x86_64 | 0.2.3 | 13.37 | 100.61 | 113.98 | OK | |
r-release-macos-arm64 | 0.2.3 | 41.00 | OK | |||
r-release-macos-x86_64 | 0.2.3 | 72.00 | OK | |||
r-release-windows-x86_64 | 0.2.3 | 35.00 | 125.00 | 160.00 | OK | |
r-oldrel-macos-arm64 | 0.2.3 | 41.00 | OK | |||
r-oldrel-macos-x86_64 | 0.2.3 | 58.00 | OK | |||
r-oldrel-windows-ix86+x86_64 | 0.2.3 | 28.00 | 120.00 | 148.00 | OK |
Version: 0.2.3
Check: package dependencies
Result: WARN
Requires (indirectly) orphaned package: ‘gtools’
Flavors: r-devel-linux-x86_64-fedora-clang, r-devel-linux-x86_64-fedora-gcc