CRAN Package Check Results for Package DEoptimR

Last updated on 2024-02-20 12:54:53 CET.

Flavor Version Tinstall Tcheck Ttotal Status Flags
r-devel-linux-x86_64-debian-clang 1.1-3 OK
r-devel-linux-x86_64-debian-gcc 1.1-3 1.71 33.97 35.68 OK
r-devel-linux-x86_64-fedora-clang 1.1-3 64.85 NOTE
r-devel-linux-x86_64-fedora-gcc 1.1-3 56.64 OK
r-devel-windows-x86_64 1.1-3 3.00 52.00 55.00 OK
r-patched-linux-x86_64 1.1-3 2.84 45.01 47.85 OK
r-release-linux-x86_64 1.1-3 2.13 46.25 48.38 OK
r-release-macos-arm64 1.1-3 120.00 OK
r-release-macos-x86_64 1.1-3 153.00 OK
r-release-windows-x86_64 1.1-3 6.00 60.00 66.00 OK
r-oldrel-macos-arm64 1.1-3 35.00 OK
r-oldrel-windows-x86_64 1.1-3 7.00 79.00 86.00 OK

Check Details

Version: 1.1-3
Check: Rd cross-references
Result: NOTE Undeclared package ‘DEoptim’ in Rd xrefs Flavor: r-devel-linux-x86_64-fedora-clang