Last updated on 2025-04-29 12:52:33 CEST.
Flavor | Version | Tinstall | Tcheck | Ttotal | Status | Flags |
---|---|---|---|---|---|---|
r-devel-linux-x86_64-debian-clang | 1.0.0 | 1.49 | 18.82 | 20.31 | NOTE | |
r-devel-linux-x86_64-debian-gcc | 1.0.0 | 1.37 | 15.62 | 16.99 | NOTE | |
r-devel-linux-x86_64-fedora-clang | 1.0.0 | 30.24 | OK | |||
r-devel-linux-x86_64-fedora-gcc | 1.0.0 | 28.41 | OK | |||
r-devel-windows-x86_64 | 1.0.0 | 3.00 | 37.00 | 40.00 | OK | |
r-patched-linux-x86_64 | 1.0.0 | 1.67 | 16.80 | 18.47 | OK | |
r-release-linux-x86_64 | 1.0.0 | 1.69 | 16.76 | 18.45 | OK | |
r-release-macos-arm64 | 1.0.0 | 16.00 | OK | |||
r-release-macos-x86_64 | 1.0.0 | 22.00 | OK | |||
r-release-windows-x86_64 | 1.0.0 | 2.00 | 38.00 | 40.00 | OK | |
r-oldrel-macos-arm64 | 1.0.0 | 13.00 | OK | |||
r-oldrel-macos-x86_64 | 1.0.0 | 21.00 | OK | |||
r-oldrel-windows-x86_64 | 1.0.0 | 3.00 | 38.00 | 41.00 | OK |
Version: 1.0.0
Check: CRAN incoming feasibility
Result: NOTE
Maintainer: ‘Norm Matloff <normmatloff@gmail.com>’
No Authors@R field in DESCRIPTION.
Please add one, modifying
Authors@R: person(given = "Norm",
family = "Matloff",
role = c("aut", "cre"),
email = "normmatloff@gmail.com")
as necessary.
Flavors: r-devel-linux-x86_64-debian-clang, r-devel-linux-x86_64-debian-gcc