CRAN Package Check Results for Package DEET

Last updated on 2024-04-17 10:41:34 CEST.

Flavor Version Tinstall Tcheck Ttotal Status Flags
r-devel-linux-x86_64-debian-clang 1.0.11 12.57 118.43 131.00 OK
r-devel-linux-x86_64-debian-gcc 1.0.11 10.39 90.99 101.38 OK
r-devel-linux-x86_64-fedora-clang 1.0.11 167.56 NOTE
r-devel-linux-x86_64-fedora-gcc 1.0.11 171.06 NOTE
r-prerel-macos-arm64 1.0.11 56.00 OK
r-prerel-windows-x86_64 1.0.11 12.00 109.00 121.00 OK
r-patched-linux-x86_64 1.0.11 9.91 112.40 122.31 OK
r-release-linux-x86_64 1.0.11 12.68 113.15 125.83 OK
r-release-macos-arm64 1.0.11 54.00 OK
r-release-macos-x86_64 1.0.11 117.00 OK
r-release-windows-x86_64 1.0.11 16.00 122.00 138.00 OK
r-oldrel-macos-arm64 1.0.11 52.00 OK
r-oldrel-windows-x86_64 1.0.11 17.00 124.00 141.00 OK

Check Details

Version: 1.0.11
Check: data for non-ASCII characters
Result: NOTE Note: found 7 marked UTF-8 strings Flavors: r-devel-linux-x86_64-fedora-clang, r-devel-linux-x86_64-fedora-gcc