CRAN Package Check Results for Package DDRTree

Last updated on 2022-06-27 11:50:41 CEST.

Flavor Version Tinstall Tcheck Ttotal Status Flags
r-devel-linux-x86_64-debian-clang 0.1.5 70.84 67.48 138.32 OK
r-devel-linux-x86_64-debian-gcc 0.1.5 56.59 53.89 110.48 OK
r-devel-linux-x86_64-fedora-clang 0.1.5 199.42 NOTE
r-devel-linux-x86_64-fedora-gcc 0.1.5 199.74 OK
r-devel-windows-x86_64 0.1.5 54.00 105.00 159.00 OK
r-patched-linux-x86_64 0.1.5 61.17 67.90 129.07 OK
r-release-linux-x86_64 0.1.5 61.39 68.51 129.90 OK
r-release-macos-arm64 0.1.5 54.00 NOTE
r-release-macos-x86_64 0.1.5 70.00 NOTE
r-release-windows-x86_64 0.1.5 56.00 105.00 161.00 OK
r-oldrel-macos-arm64 0.1.5 59.00 NOTE
r-oldrel-macos-x86_64 0.1.5 104.00 NOTE
r-oldrel-windows-ix86+x86_64 0.1.5 148.00 121.00 269.00 OK

Check Details

Version: 0.1.5
Check: installed package size
Result: NOTE
     installed size is 20.4Mb
     sub-directories of 1Mb or more:
     libs 20.2Mb
Flavors: r-devel-linux-x86_64-fedora-clang, r-release-macos-arm64, r-release-macos-x86_64, r-oldrel-macos-arm64, r-oldrel-macos-x86_64