CRAN Package Check Results for Package DDD

Last updated on 2024-02-23 11:53:21 CET.

Flavor Version Tinstall Tcheck Ttotal Status Flags
r-devel-linux-x86_64-debian-clang 5.2.2 OK
r-devel-linux-x86_64-debian-gcc 5.2.2 90.66 101.16 191.82 OK
r-devel-linux-x86_64-fedora-clang 5.2.2 349.07 OK
r-devel-linux-x86_64-fedora-gcc 5.2.2 337.03 OK
r-devel-windows-x86_64 5.2.2 89.00 153.00 242.00 OK
r-patched-linux-x86_64 5.2.2 120.16 132.36 252.52 OK
r-release-linux-x86_64 5.2.2 119.92 135.62 255.54 OK
r-release-macos-arm64 5.2.2 80.00 NOTE
r-release-macos-x86_64 5.2.2 203.00 NOTE
r-release-windows-x86_64 5.2.2 115.00 174.00 289.00 OK
r-oldrel-macos-arm64 5.2.2 78.00 NOTE
r-oldrel-windows-x86_64 5.2.2 106.00 172.00 278.00 OK

Check Details

Version: 5.2.2
Check: installed package size
Result: NOTE installed size is 7.8Mb sub-directories of 1Mb or more: libs 7.3Mb Flavors: r-release-macos-arm64, r-release-macos-x86_64, r-oldrel-macos-arm64