Last updated on 2024-04-23 10:54:00 CEST.
Flavor | Version | Tinstall | Tcheck | Ttotal | Status | Flags |
---|---|---|---|---|---|---|
r-devel-linux-x86_64-debian-clang | 5.2.2 | 118.79 | 140.48 | 259.27 | OK | |
r-devel-linux-x86_64-debian-gcc | 5.2.2 | 87.91 | 99.91 | 187.82 | OK | |
r-devel-linux-x86_64-fedora-clang | 5.2.2 | 334.33 | OK | |||
r-devel-linux-x86_64-fedora-gcc | 5.2.2 | 338.53 | OK | |||
r-prerel-macos-arm64 | 5.2.2 | 79.00 | NOTE | |||
r-prerel-windows-x86_64 | 5.2.2 | 95.00 | 145.00 | 240.00 | OK | |
r-patched-linux-x86_64 | 5.2.2 | 117.69 | 131.60 | 249.29 | OK | |
r-release-linux-x86_64 | 5.2.2 | 108.18 | 133.94 | 242.12 | OK | |
r-release-macos-arm64 | 5.2.2 | 80.00 | NOTE | |||
r-release-macos-x86_64 | 5.2.2 | 203.00 | NOTE | |||
r-release-windows-x86_64 | 5.2.2 | 113.00 | 174.00 | 287.00 | OK | |
r-oldrel-macos-arm64 | 5.2.2 | 78.00 | NOTE | |||
r-oldrel-windows-x86_64 | 5.2.2 | 108.00 | 165.00 | 273.00 | OK |
Version: 5.2.2
Check: installed package size
Result: NOTE
installed size is 7.8Mb
sub-directories of 1Mb or more:
libs 7.3Mb
Flavors: r-prerel-macos-arm64, r-release-macos-arm64, r-release-macos-x86_64, r-oldrel-macos-arm64