Last updated on 2023-06-02 10:52:28 CEST.
Flavor | Version | Tinstall | Tcheck | Ttotal | Status | Flags |
---|---|---|---|---|---|---|
r-devel-linux-x86_64-debian-clang | 1.0-1 | 8.88 | 184.63 | 193.51 | NOTE | |
r-devel-linux-x86_64-debian-gcc | 1.0-1 | 6.68 | 140.46 | 147.14 | NOTE | |
r-devel-linux-x86_64-fedora-clang | 1.0-1 | 240.88 | NOTE | |||
r-devel-linux-x86_64-fedora-gcc | 1.0-1 | 239.41 | NOTE | |||
r-devel-windows-x86_64 | 1.0-1 | 11.00 | 112.00 | 123.00 | NOTE | --no-vignettes |
r-patched-linux-x86_64 | 1.0-1 | NOTE | ||||
r-release-linux-x86_64 | 1.0-1 | 8.26 | 175.29 | 183.55 | NOTE | |
r-release-macos-arm64 | 1.0-1 | 289.00 | NOTE | |||
r-release-macos-x86_64 | 1.0-1 | 470.00 | NOTE | |||
r-release-windows-x86_64 | 1.0-1 | 13.00 | 129.00 | 142.00 | NOTE | --no-vignettes |
r-oldrel-macos-arm64 | 1.0-1 | 396.00 | NOTE | |||
r-oldrel-macos-x86_64 | 1.0-1 | 813.00 | NOTE | |||
r-oldrel-windows-x86_64 | 1.0-1 | 14.00 | 148.00 | 162.00 | NOTE | --no-vignettes |
Version: 1.0-1
Check: package dependencies
Result: NOTE
Package suggested but not available for checking: ‘INLA’
Flavors: r-devel-linux-x86_64-debian-clang, r-devel-linux-x86_64-debian-gcc, r-patched-linux-x86_64, r-release-linux-x86_64, r-release-macos-arm64, r-release-macos-x86_64, r-oldrel-macos-arm64, r-oldrel-macos-x86_64
Version: 1.0-1
Check: data for non-ASCII characters
Result: NOTE
Note: found 2 marked Latin-1 strings
Flavors: r-devel-linux-x86_64-fedora-clang, r-devel-linux-x86_64-fedora-gcc, r-oldrel-macos-arm64, r-oldrel-macos-x86_64
Version: 1.0-1
Flags: --no-vignettes
Check: package dependencies
Result: NOTE
Package suggested but not available for checking: 'INLA'
Flavors: r-devel-windows-x86_64, r-release-windows-x86_64, r-oldrel-windows-x86_64