CRAN Package Check Results for Package DCSmooth

Last updated on 2024-04-23 10:54:00 CEST.

Flavor Version Tinstall Tcheck Ttotal Status Flags
r-devel-linux-x86_64-debian-clang 1.1.2 219.41 315.65 535.06 NOTE
r-devel-linux-x86_64-debian-gcc 1.1.2 159.30 250.96 410.26 NOTE
r-devel-linux-x86_64-fedora-clang 1.1.2 708.01 NOTE
r-devel-linux-x86_64-fedora-gcc 1.1.2 713.00 NOTE
r-prerel-macos-arm64 1.1.2 155.00 NOTE
r-prerel-windows-x86_64 1.1.2 152.00 267.00 419.00 NOTE
r-patched-linux-x86_64 1.1.2 207.13 309.33 516.46 NOTE
r-release-linux-x86_64 1.1.2 192.14 302.24 494.38 NOTE
r-release-macos-arm64 1.1.2 180.00 NOTE
r-release-macos-x86_64 1.1.2 337.00 NOTE
r-release-windows-x86_64 1.1.2 201.00 327.00 528.00 NOTE
r-oldrel-macos-arm64 1.1.2 155.00 NOTE
r-oldrel-windows-x86_64 1.1.2 200.00 315.00 515.00 OK

Check Details

Version: 1.1.2
Check: C++ specification
Result: NOTE Specified C++11: please drop specification unless essential Flavors: r-devel-linux-x86_64-debian-clang, r-devel-linux-x86_64-debian-gcc, r-devel-linux-x86_64-fedora-clang, r-devel-linux-x86_64-fedora-gcc, r-prerel-macos-arm64, r-prerel-windows-x86_64, r-patched-linux-x86_64, r-release-linux-x86_64, r-release-macos-arm64, r-release-macos-x86_64, r-release-windows-x86_64

Version: 1.1.2
Check: Rd files
Result: NOTE checkRd: (-1) kernel.assign.Rd:27: Lost braces; missing escapes or markup? 27 | {q = [0, 1]}. Kernels are of the Müller-Wang type ("MW"), Müller type ("M") | ^ Flavors: r-devel-linux-x86_64-debian-clang, r-devel-linux-x86_64-debian-gcc, r-devel-linux-x86_64-fedora-clang, r-devel-linux-x86_64-fedora-gcc, r-prerel-macos-arm64, r-prerel-windows-x86_64, r-patched-linux-x86_64

Version: 1.1.2
Check: installed package size
Result: NOTE installed size is 7.8Mb sub-directories of 1Mb or more: data 1.9Mb libs 5.2Mb Flavors: r-prerel-macos-arm64, r-release-macos-arm64, r-release-macos-x86_64, r-oldrel-macos-arm64