Last updated on 2024-08-31 11:49:25 CEST.
Flavor | Version | Tinstall | Tcheck | Ttotal | Status | Flags |
---|---|---|---|---|---|---|
r-devel-linux-x86_64-debian-clang | 0.5.3 | 345.02 | 119.01 | 464.03 | NOTE | |
r-devel-linux-x86_64-debian-gcc | 0.5.3 | 265.54 | 101.45 | 366.99 | NOTE | |
r-devel-linux-x86_64-fedora-clang | 0.5.3 | 674.13 | NOTE | |||
r-devel-linux-x86_64-fedora-gcc | 0.5.3 | 900.57 | NOTE | |||
r-devel-windows-x86_64 | 0.5.3 | 272.00 | 147.00 | 419.00 | NOTE | |
r-patched-linux-x86_64 | 0.5.3 | 367.05 | 137.62 | 504.67 | NOTE | |
r-release-linux-x86_64 | 0.5.3 | 367.37 | 137.35 | 504.72 | NOTE | |
r-release-macos-arm64 | 0.5.3 | 163.00 | NOTE | |||
r-release-macos-x86_64 | 0.5.3 | 220.00 | NOTE | |||
r-release-windows-x86_64 | 0.5.3 | 281.00 | 157.00 | 438.00 | NOTE | |
r-oldrel-macos-arm64 | 0.5.3 | 174.00 | NOTE | |||
r-oldrel-macos-x86_64 | 0.5.3 | 283.00 | NOTE | |||
r-oldrel-windows-x86_64 | 0.5.3 | 376.00 | 191.00 | 567.00 | NOTE |
Version: 0.5.3
Check: for GNU extensions in Makefiles
Result: NOTE
GNU make is a SystemRequirements.
Flavors: r-devel-linux-x86_64-debian-clang, r-devel-linux-x86_64-debian-gcc, r-devel-linux-x86_64-fedora-clang, r-devel-linux-x86_64-fedora-gcc, r-devel-windows-x86_64, r-patched-linux-x86_64, r-release-linux-x86_64, r-release-macos-arm64, r-release-macos-x86_64, r-release-windows-x86_64, r-oldrel-macos-arm64, r-oldrel-macos-x86_64, r-oldrel-windows-x86_64
Version: 0.5.3
Check: data for non-ASCII characters
Result: NOTE
Note: found 38 marked UTF-8 strings
Flavors: r-devel-linux-x86_64-fedora-clang, r-devel-linux-x86_64-fedora-gcc
Version: 0.5.3
Check: installed package size
Result: NOTE
installed size is 84.0Mb
sub-directories of 1Mb or more:
libs 83.6Mb
Flavors: r-release-macos-arm64, r-release-macos-x86_64, r-oldrel-macos-arm64, r-oldrel-macos-x86_64