CRAN Package Check Results for Package DCEmgmt

Last updated on 2022-07-07 12:55:21 CEST.

Flavor Version Tinstall Tcheck Ttotal Status Flags
r-devel-linux-x86_64-debian-clang 0.0.1 4.94 29.18 34.12 OK
r-devel-linux-x86_64-debian-gcc 0.0.1 3.83 22.07 25.90 OK
r-devel-linux-x86_64-fedora-clang 0.0.1 52.76 NOTE
r-devel-linux-x86_64-fedora-gcc 0.0.1 51.35 NOTE
r-devel-windows-x86_64 0.0.1 12.00 58.00 70.00 OK
r-patched-linux-x86_64 0.0.1 5.18 28.27 33.45 OK
r-release-linux-x86_64 0.0.1 5.66 27.68 33.34 OK
r-release-macos-arm64 0.0.1 21.00 NOTE
r-release-macos-x86_64 0.0.1 33.00 NOTE
r-release-windows-x86_64 0.0.1 11.00 58.00 69.00 OK
r-oldrel-macos-arm64 0.0.1 21.00 NOTE
r-oldrel-macos-x86_64 0.0.1 26.00 NOTE
r-oldrel-windows-ix86+x86_64 0.0.1 11.00 49.00 60.00 OK

Check Details

Version: 0.0.1
Check: data for non-ASCII characters
Result: NOTE
     Note: found 122 marked UTF-8 strings
Flavors: r-devel-linux-x86_64-fedora-clang, r-devel-linux-x86_64-fedora-gcc, r-release-macos-arm64, r-release-macos-x86_64, r-oldrel-macos-arm64, r-oldrel-macos-x86_64