Last updated on 2024-04-18 12:52:41 CEST.
Flavor | Version | Tinstall | Tcheck | Ttotal | Status | Flags |
---|---|---|---|---|---|---|
r-devel-linux-x86_64-debian-clang | 0.1.1 | 5.86 | 26.57 | 32.43 | NOTE | |
r-devel-linux-x86_64-debian-gcc | 0.1.1 | 4.72 | 20.51 | 25.23 | NOTE | |
r-devel-linux-x86_64-fedora-clang | 0.1.1 | 41.89 | NOTE | |||
r-devel-linux-x86_64-fedora-gcc | 0.1.1 | 42.04 | NOTE | |||
r-prerel-macos-arm64 | 0.1.1 | 20.00 | NOTE | |||
r-prerel-windows-x86_64 | 0.1.1 | 7.00 | 48.00 | 55.00 | NOTE | |
r-patched-linux-x86_64 | 0.1.1 | 6.49 | 25.46 | 31.95 | NOTE | |
r-release-linux-x86_64 | 0.1.1 | 7.48 | 26.12 | 33.60 | NOTE | |
r-release-macos-arm64 | 0.1.1 | 20.00 | NOTE | |||
r-release-macos-x86_64 | 0.1.1 | 28.00 | NOTE | |||
r-release-windows-x86_64 | 0.1.1 | 9.00 | 49.00 | 58.00 | NOTE | |
r-oldrel-macos-arm64 | 0.1.1 | 24.00 | NOTE | |||
r-oldrel-windows-x86_64 | 0.1.1 | 9.00 | 52.00 | 61.00 | NOTE |
Version: 0.1.1
Check: LazyData
Result: NOTE
'LazyData' is specified without a 'data' directory
Flavors: r-devel-linux-x86_64-debian-clang, r-devel-linux-x86_64-debian-gcc, r-devel-linux-x86_64-fedora-clang, r-devel-linux-x86_64-fedora-gcc, r-prerel-macos-arm64, r-prerel-windows-x86_64, r-patched-linux-x86_64, r-release-linux-x86_64, r-release-macos-arm64, r-release-macos-x86_64, r-release-windows-x86_64, r-oldrel-macos-arm64, r-oldrel-windows-x86_64
Version: 0.1.1
Check: installed package size
Result: NOTE
installed size is 5.6Mb
sub-directories of 1Mb or more:
libs 5.4Mb
Flavor: r-devel-linux-x86_64-fedora-clang