Last updated on 2025-04-29 12:52:33 CEST.
Flavor | Version | Tinstall | Tcheck | Ttotal | Status | Flags |
---|---|---|---|---|---|---|
r-devel-linux-x86_64-debian-clang | 0.0.1.2 | 1.84 | 18.11 | 19.95 | NOTE | |
r-devel-linux-x86_64-debian-gcc | 0.0.1.2 | 1.36 | 14.49 | 15.85 | NOTE | |
r-devel-linux-x86_64-fedora-clang | 0.0.1.2 | 31.53 | OK | |||
r-devel-linux-x86_64-fedora-gcc | 0.0.1.2 | 29.73 | OK | |||
r-devel-windows-x86_64 | 0.0.1.2 | 2.00 | 39.00 | 41.00 | OK | |
r-patched-linux-x86_64 | 0.0.1.2 | 1.64 | 17.11 | 18.75 | OK | |
r-release-linux-x86_64 | 0.0.1.2 | 1.69 | 17.08 | 18.77 | OK | |
r-release-macos-arm64 | 0.0.1.2 | 15.00 | OK | |||
r-release-macos-x86_64 | 0.0.1.2 | 23.00 | OK | |||
r-release-windows-x86_64 | 0.0.1.2 | 2.00 | 40.00 | 42.00 | OK | |
r-oldrel-macos-arm64 | 0.0.1.2 | 14.00 | OK | |||
r-oldrel-macos-x86_64 | 0.0.1.2 | 21.00 | OK | |||
r-oldrel-windows-x86_64 | 0.0.1.2 | 2.00 | 39.00 | 41.00 | OK |
Version: 0.0.1.2
Check: CRAN incoming feasibility
Result: NOTE
Maintainer: ‘Dorota Desaulle <dorota.desaulle@u-paris.fr>’
The Description field contains
<arXiv:2103.09872>).
Please refer to arXiv e-prints via their arXiv DOI <doi:10.48550/arXiv.YYMM.NNNNN>.
Flavors: r-devel-linux-x86_64-debian-clang, r-devel-linux-x86_64-debian-gcc