Last updated on 2022-07-04 12:54:07 CEST.
Flavor | Version | Tinstall | Tcheck | Ttotal | Status | Flags |
---|---|---|---|---|---|---|
r-devel-linux-x86_64-debian-clang | 1.7.2 | 32.28 | 262.20 | 294.48 | OK | |
r-devel-linux-x86_64-debian-gcc | 1.7.2 | 25.05 | 192.39 | 217.44 | OK | |
r-devel-linux-x86_64-fedora-clang | 1.7.2 | 357.52 | NOTE | |||
r-devel-linux-x86_64-fedora-gcc | 1.7.2 | 353.34 | OK | |||
r-devel-windows-x86_64 | 1.7.2 | 49.00 | 304.00 | 353.00 | OK | |
r-patched-linux-x86_64 | 1.7.2 | 34.79 | 247.35 | 282.14 | OK | |
r-release-linux-x86_64 | 1.7.2 | 31.94 | 247.43 | 279.37 | OK | |
r-release-macos-arm64 | 1.7.2 | 138.00 | OK | |||
r-release-macos-x86_64 | 1.7.2 | 258.00 | OK | |||
r-release-windows-x86_64 | 1.7.2 | 62.00 | 291.00 | 353.00 | OK | |
r-oldrel-macos-arm64 | 1.7.2 | 114.00 | OK | |||
r-oldrel-macos-x86_64 | 1.7.2 | 203.00 | OK | |||
r-oldrel-windows-ix86+x86_64 | 1.7.2 | 54.00 | 288.00 | 342.00 | OK |
Version: 1.7.2
Check: package dependencies
Result: NOTE
Imports includes 25 non-default packages.
Importing from so many packages makes the package vulnerable to any of
them becoming unavailable. Move as many as possible to Suggests and
use conditionally.
Flavor: r-devel-linux-x86_64-fedora-clang