Last updated on 2022-06-27 11:50:40 CEST.
Flavor | Version | Tinstall | Tcheck | Ttotal | Status | Flags |
---|---|---|---|---|---|---|
r-devel-linux-x86_64-debian-clang | 1.2.0 | 16.22 | 187.51 | 203.73 | OK | |
r-devel-linux-x86_64-debian-gcc | 1.2.0 | 16.72 | 140.17 | 156.89 | OK | |
r-devel-linux-x86_64-fedora-clang | 1.2.0 | 256.57 | NOTE | |||
r-devel-linux-x86_64-fedora-gcc | 1.2.0 | 267.70 | OK | |||
r-devel-windows-x86_64 | 1.2.0 | 24.00 | 201.00 | 225.00 | NOTE | |
r-patched-linux-x86_64 | 1.2.0 | 19.30 | 176.47 | 195.77 | OK | |
r-release-linux-x86_64 | 1.2.0 | 17.35 | 176.73 | 194.08 | OK | |
r-release-macos-arm64 | 1.2.0 | 69.00 | NOTE | |||
r-release-macos-x86_64 | 1.2.0 | 117.00 | NOTE | |||
r-release-windows-x86_64 | 1.2.0 | 25.00 | 203.00 | 228.00 | NOTE | |
r-oldrel-macos-arm64 | 1.2.0 | 383.00 | NOTE | |||
r-oldrel-macos-x86_64 | 1.2.0 | 104.00 | NOTE | |||
r-oldrel-windows-ix86+x86_64 | 1.2.0 | 45.00 | 202.00 | 247.00 | NOTE |
Version: 1.2.0
Check: installed package size
Result: NOTE
installed size is 5.2Mb
sub-directories of 1Mb or more:
doc 4.4Mb
Flavors: r-devel-linux-x86_64-fedora-clang, r-devel-windows-x86_64, r-release-macos-arm64, r-release-macos-x86_64, r-release-windows-x86_64, r-oldrel-macos-arm64, r-oldrel-macos-x86_64, r-oldrel-windows-ix86+x86_64