CRAN Package Check Results for Package CustosAscensor

Last updated on 2025-04-29 12:52:33 CEST.

Flavor Version Tinstall Tcheck Ttotal Status Flags
r-devel-linux-x86_64-debian-clang 0.1.0 2.19 19.09 21.28 NOTE
r-devel-linux-x86_64-debian-gcc 0.1.0 1.58 15.45 17.03 NOTE
r-devel-linux-x86_64-fedora-clang 0.1.0 33.10 OK
r-devel-linux-x86_64-fedora-gcc 0.1.0 30.99 OK
r-devel-windows-x86_64 0.1.0 3.00 40.00 43.00 OK
r-patched-linux-x86_64 0.1.0 2.48 18.32 20.80 OK
r-release-linux-x86_64 0.1.0 2.08 18.14 20.22 OK
r-release-macos-arm64 0.1.0 16.00 OK
r-release-macos-x86_64 0.1.0 22.00 OK
r-release-windows-x86_64 0.1.0 4.00 40.00 44.00 OK
r-oldrel-macos-arm64 0.1.0 14.00 NOTE
r-oldrel-macos-x86_64 0.1.0 22.00 NOTE
r-oldrel-windows-x86_64 0.1.0 4.00 38.00 42.00 NOTE

Check Details

Version: 0.1.0
Check: CRAN incoming feasibility
Result: NOTE Maintainer: ‘Iago Montero Nunez <iagomontero95@gmail.com>’ No Authors@R field in DESCRIPTION. Please add one, modifying Authors@R: c(person(given = c("Iago", "Montero"), family = "Nuñez", role = "aut"), person(given = c("Iago", "Montero"), family = "Nunez", role = "cre", email = "iagomontero95@gmail.com")) as necessary. Flavors: r-devel-linux-x86_64-debian-clang, r-devel-linux-x86_64-debian-gcc

Version: 0.1.0
Check: LazyData
Result: NOTE 'LazyData' is specified without a 'data' directory Flavors: r-oldrel-macos-arm64, r-oldrel-macos-x86_64, r-oldrel-windows-x86_64