Last updated on 2025-04-29 12:52:33 CEST.
Flavor | Version | Tinstall | Tcheck | Ttotal | Status | Flags |
---|---|---|---|---|---|---|
r-devel-linux-x86_64-debian-clang | 1.0.0 | 1.83 | 20.74 | 22.57 | NOTE | |
r-devel-linux-x86_64-debian-gcc | 1.0.0 | 1.59 | 16.37 | 17.96 | NOTE | |
r-devel-linux-x86_64-fedora-clang | 1.0.0 | 34.77 | OK | |||
r-devel-linux-x86_64-fedora-gcc | 1.0.0 | 33.81 | OK | |||
r-devel-windows-x86_64 | 1.0.0 | 4.00 | 41.00 | 45.00 | OK | |
r-patched-linux-x86_64 | 1.0.0 | 2.36 | 19.55 | 21.91 | OK | |
r-release-linux-x86_64 | 1.0.0 | 1.96 | 19.57 | 21.53 | OK | |
r-release-macos-arm64 | 1.0.0 | 16.00 | OK | |||
r-release-macos-x86_64 | 1.0.0 | 24.00 | OK | |||
r-release-windows-x86_64 | 1.0.0 | 5.00 | 41.00 | 46.00 | OK | |
r-oldrel-macos-arm64 | 1.0.0 | 15.00 | OK | |||
r-oldrel-macos-x86_64 | 1.0.0 | 22.00 | OK | |||
r-oldrel-windows-x86_64 | 1.0.0 | 3.00 | 40.00 | 43.00 | OK |
Version: 1.0.0
Check: CRAN incoming feasibility
Result: NOTE
Maintainer: ‘Koen W. De Bock <kdebock@audencia.com>’
No Authors@R field in DESCRIPTION.
Please add one, modifying
Authors@R: person(given = c("Koen", "W."),
family = "De Bock",
role = c("aut", "cre"),
email = "kdebock@audencia.com")
as necessary.
Flavors: r-devel-linux-x86_64-debian-clang, r-devel-linux-x86_64-debian-gcc