Last updated on 2025-05-03 10:50:01 CEST.
Flavor | Version | Tinstall | Tcheck | Ttotal | Status | Flags |
---|---|---|---|---|---|---|
r-devel-linux-x86_64-debian-clang | 1.4.9 | 3.51 | 32.58 | 36.09 | OK | |
r-devel-linux-x86_64-debian-gcc | 1.4.9 | 2.85 | 25.10 | 27.95 | OK | |
r-devel-linux-x86_64-fedora-clang | 1.4.9 | 53.17 | NOTE | |||
r-devel-linux-x86_64-fedora-gcc | 1.4.9 | 51.89 | NOTE | |||
r-devel-windows-x86_64 | 1.4.9 | 6.00 | 53.00 | 59.00 | OK | |
r-patched-linux-x86_64 | 1.4.9 | 3.26 | 30.30 | 33.56 | OK | |
r-release-linux-x86_64 | OK | |||||
r-release-macos-arm64 | 1.4.9 | 24.00 | OK | |||
r-release-macos-x86_64 | 1.4.9 | 35.00 | OK | |||
r-release-windows-x86_64 | 1.4.9 | 7.00 | 53.00 | 60.00 | OK | |
r-oldrel-macos-arm64 | 1.4.9 | 24.00 | OK | |||
r-oldrel-macos-x86_64 | 1.4.9 | 39.00 | OK | |||
r-oldrel-windows-x86_64 | 1.4.9 | 7.00 | 57.00 | 64.00 | OK |
Version: 1.4.9
Check: dependencies in R code
Result: NOTE
Namespaces in Imports field not imported from:
‘DT’ ‘dplyr’ ‘geosphere’ ‘mapdata’ ‘maps’ ‘marmap’ ‘shinydashboard’
‘shinyjs’ ‘stringr’ ‘swfscDAS’
All declared Imports should be used.
Flavors: r-devel-linux-x86_64-fedora-clang, r-devel-linux-x86_64-fedora-gcc