Last updated on 2022-06-30 11:53:05 CEST.
Flavor | Version | Tinstall | Tcheck | Ttotal | Status | Flags |
---|---|---|---|---|---|---|
r-devel-linux-x86_64-debian-clang | 1.1.1 | 62.24 | 31.86 | 94.10 | NOTE | |
r-devel-linux-x86_64-debian-gcc | 1.1.1 | 44.02 | 24.52 | 68.54 | NOTE | |
r-devel-linux-x86_64-fedora-clang | 1.1.1 | 140.87 | NOTE | |||
r-devel-linux-x86_64-fedora-gcc | 1.1.1 | 125.82 | NOTE | |||
r-devel-windows-x86_64 | 1.1.1 | 44.00 | 82.00 | 126.00 | NOTE | |
r-patched-linux-x86_64 | 1.1.1 | 42.77 | 30.55 | 73.32 | NOTE | |
r-release-linux-x86_64 | 1.1.1 | 48.56 | 31.02 | 79.58 | NOTE | |
r-release-macos-arm64 | 1.1.1 | 34.00 | NOTE | |||
r-release-macos-x86_64 | 1.1.1 | 45.00 | NOTE | |||
r-release-windows-x86_64 | 1.1.1 | 42.00 | 86.00 | 128.00 | NOTE | |
r-oldrel-macos-arm64 | 1.1.1 | 42.00 | NOTE | |||
r-oldrel-macos-x86_64 | 1.1.1 | 64.00 | NOTE | |||
r-oldrel-windows-ix86+x86_64 | 1.1.1 | 111.00 | 78.00 | 189.00 | NOTE |
Version: 1.1.1
Check: LazyData
Result: NOTE
'LazyData' is specified without a 'data' directory
Flavors: r-devel-linux-x86_64-debian-clang, r-devel-linux-x86_64-debian-gcc, r-devel-linux-x86_64-fedora-clang, r-devel-linux-x86_64-fedora-gcc, r-devel-windows-x86_64, r-patched-linux-x86_64, r-release-linux-x86_64, r-release-macos-arm64, r-release-macos-x86_64, r-release-windows-x86_64, r-oldrel-macos-arm64, r-oldrel-macos-x86_64, r-oldrel-windows-ix86+x86_64
Version: 1.1.1
Check: compiled code
Result: NOTE
File ‘CoxPlus/libs/CoxPlus.so’:
Found no calls to: ‘R_registerRoutines’, ‘R_useDynamicSymbols’
It is good practice to register native routines and to disable symbol
search.
See ‘Writing portable packages’ in the ‘Writing R Extensions’ manual.
Flavors: r-devel-linux-x86_64-fedora-clang, r-devel-linux-x86_64-fedora-gcc
Version: 1.1.1
Check: installed package size
Result: NOTE
installed size is 6.6Mb
sub-directories of 1Mb or more:
libs 6.5Mb
Flavors: r-release-macos-arm64, r-release-macos-x86_64, r-oldrel-macos-arm64, r-oldrel-macos-x86_64