CRAN Package Check Results for Package CoxICPen

Last updated on 2022-07-07 12:55:21 CEST.

Flavor Version Tinstall Tcheck Ttotal Status Flags
r-devel-linux-x86_64-debian-clang 1.1.0 5.14 36.32 41.46 NOTE
r-devel-linux-x86_64-debian-gcc 1.1.0 3.65 27.28 30.93 NOTE
r-devel-linux-x86_64-fedora-clang 1.1.0 59.35 NOTE
r-devel-linux-x86_64-fedora-gcc 1.1.0 58.51 NOTE
r-devel-windows-x86_64 1.1.0 11.00 58.00 69.00 NOTE
r-patched-linux-x86_64 1.1.0 4.51 34.44 38.95 NOTE
r-release-linux-x86_64 1.1.0 4.87 34.66 39.53 NOTE
r-release-macos-arm64 1.1.0 18.00 NOTE
r-release-macos-x86_64 1.1.0 25.00 NOTE
r-release-windows-x86_64 1.1.0 14.00 61.00 75.00 NOTE
r-oldrel-macos-arm64 1.1.0 19.00 NOTE
r-oldrel-macos-x86_64 1.1.0 32.00 NOTE
r-oldrel-windows-ix86+x86_64 1.1.0 10.00 54.00 64.00 NOTE

Check Details

Version: 1.1.0
Check: LazyData
Result: NOTE
     'LazyData' is specified without a 'data' directory
Flavors: r-devel-linux-x86_64-debian-clang, r-devel-linux-x86_64-debian-gcc, r-devel-linux-x86_64-fedora-clang, r-devel-linux-x86_64-fedora-gcc, r-devel-windows-x86_64, r-patched-linux-x86_64, r-release-linux-x86_64, r-release-macos-arm64, r-release-macos-x86_64, r-release-windows-x86_64, r-oldrel-macos-arm64, r-oldrel-macos-x86_64, r-oldrel-windows-ix86+x86_64