CRAN Package Check Results for Package CorrectOverloadedPeaks

Last updated on 2024-07-22 10:49:12 CEST.

Flavor Version Tinstall Tcheck Ttotal Status Flags
r-devel-linux-x86_64-debian-clang 1.3.3 2.85 85.54 88.39 OK
r-devel-linux-x86_64-debian-gcc 1.3.3 3.24 62.68 65.92 OK
r-devel-linux-x86_64-fedora-clang 1.3.3 117.21 OK
r-devel-linux-x86_64-fedora-gcc 1.3.3 117.66 OK
r-devel-windows-x86_64 1.3.3 5.00 79.00 84.00 OK
r-patched-linux-x86_64 1.3.3 3.79 84.07 87.86 OK
r-release-linux-x86_64 1.3.3 2.88 82.24 85.12 OK
r-release-macos-arm64 1.3.3 36.00 OK
r-release-macos-x86_64 1.3.3 59.00 OK
r-release-windows-x86_64 1.3.3 4.00 81.00 85.00 OK
r-oldrel-macos-arm64 1.3.3 33.00 NOTE
r-oldrel-macos-x86_64 1.3.3 57.00 NOTE
r-oldrel-windows-x86_64 1.3.3 4.00 91.00 95.00 OK

Check Details

Version: 1.3.3
Check: package dependencies
Result: NOTE Package suggested but not available for checking: ‘xcms’ Flavors: r-oldrel-macos-arm64, r-oldrel-macos-x86_64