Last updated on 2024-04-26 12:54:28 CEST.
Flavor | Version | Tinstall | Tcheck | Ttotal | Status | Flags |
---|---|---|---|---|---|---|
r-devel-linux-x86_64-debian-clang | 1.6.1 | 9.79 | 120.40 | 130.19 | NOTE | |
r-devel-linux-x86_64-debian-gcc | 1.6.1 | 7.36 | 94.52 | 101.88 | NOTE | |
r-devel-linux-x86_64-fedora-clang | 1.6.1 | 160.93 | NOTE | |||
r-devel-linux-x86_64-fedora-gcc | 1.6.1 | 174.45 | NOTE | |||
r-devel-windows-x86_64 | 1.6.1 | 11.00 | 156.00 | 167.00 | NOTE | |
r-patched-linux-x86_64 | 1.6.1 | 6.13 | 120.15 | 126.28 | NOTE | |
r-release-linux-x86_64 | 1.6.1 | 5.61 | 121.03 | 126.64 | OK | |
r-release-macos-arm64 | 1.6.1 | 52.00 | NOTE | |||
r-release-windows-x86_64 | 1.6.1 | 9.00 | 152.00 | 161.00 | NOTE | |
r-oldrel-macos-arm64 | 1.6.1 | 66.00 | OK | |||
r-oldrel-macos-x86_64 | 1.6.1 | 145.00 | OK | |||
r-oldrel-windows-x86_64 | 1.6.1 | 13.00 | 173.00 | 186.00 | OK |
Version: 1.6.1
Check: Rd files
Result: NOTE
checkRd: (-1) jointprobs.Rd:14: Lost braces in \itemize; meant \describe ?
checkRd: (-1) jointprobs.Rd:15: Lost braces in \itemize; meant \describe ?
checkRd: (-1) jointprobs.Rd:16: Lost braces in \itemize; meant \describe ?
checkRd: (-1) jointprobs.Rd:21: Lost braces; missing escapes or markup?
21 | \eqn{K+1} categories the arrays will have either \eqn{K+1} or {K} dimensions, depending on whether
| ^
checkRd: (-1) multinom.gen.Rd:46: Lost braces
46 | For a \emph{K}-variate multinomial, the matrix{m} should have \emph{K-1} columns
| ^
Flavors: r-devel-linux-x86_64-debian-clang, r-devel-linux-x86_64-debian-gcc, r-devel-linux-x86_64-fedora-clang, r-devel-linux-x86_64-fedora-gcc, r-devel-windows-x86_64, r-patched-linux-x86_64, r-release-macos-arm64, r-release-windows-x86_64