Last updated on 2024-04-24 11:20:47 CEST.
Flavor | Version | Tinstall | Tcheck | Ttotal | Status | Flags |
---|---|---|---|---|---|---|
r-devel-linux-x86_64-debian-clang | 0.3.0 | 2.90 | 35.28 | 38.18 | NOTE | |
r-devel-linux-x86_64-debian-gcc | 0.3.0 | 2.04 | 27.09 | 29.13 | NOTE | |
r-devel-linux-x86_64-fedora-clang | 0.3.0 | 48.18 | NOTE | |||
r-devel-linux-x86_64-fedora-gcc | 0.3.0 | 58.88 | NOTE | |||
r-devel-windows-x86_64 | 0.3.0 | 4.00 | 55.00 | 59.00 | NOTE | |
r-patched-linux-x86_64 | 0.3.0 | 2.85 | 33.70 | 36.55 | NOTE | |
r-release-linux-x86_64 | 0.3.0 | 2.84 | 32.24 | 35.08 | OK | |
r-release-macos-arm64 | 0.3.0 | 34.00 | OK | |||
r-release-windows-x86_64 | 0.3.0 | 3.00 | 53.00 | 56.00 | NOTE | |
r-oldrel-macos-arm64 | 0.3.0 | 26.00 | OK | |||
r-oldrel-macos-x86_64 | 0.3.0 | 42.00 | OK | |||
r-oldrel-windows-x86_64 | 0.3.0 | 4.00 | 62.00 | 66.00 | OK |
Version: 0.3.0
Check: Rd files
Result: NOTE
checkRd: (-1) get_policy_scores.Rd:63: Lost braces
63 | \code{low_estimate}\\code{high_estimate} columns. The \code{SD_estimate} column has the standard deviation of the
| ^
Flavors: r-devel-linux-x86_64-debian-clang, r-devel-linux-x86_64-debian-gcc, r-devel-linux-x86_64-fedora-clang, r-devel-linux-x86_64-fedora-gcc, r-devel-windows-x86_64, r-patched-linux-x86_64, r-release-windows-x86_64
Version: 0.3.0
Check: dependencies in R code
Result: NOTE
Namespace in Imports field not imported from: ‘readr’
All declared Imports should be used.
Flavors: r-devel-linux-x86_64-fedora-clang, r-devel-linux-x86_64-fedora-gcc