CRAN Package Check Results for Package CoronaNetR

Last updated on 2023-09-23 11:50:13 CEST.

Flavor Version Tinstall Tcheck Ttotal Status Flags
r-devel-linux-x86_64-debian-clang 0.3.0 2.71 32.69 35.40 OK
r-devel-linux-x86_64-debian-gcc 0.3.0 2.27 28.88 31.15 OK
r-devel-linux-x86_64-fedora-clang 0.3.0 45.83 NOTE
r-devel-linux-x86_64-fedora-gcc 0.3.0 56.23 NOTE
r-devel-windows-x86_64 0.3.0 4.00 54.00 58.00 OK
r-patched-linux-x86_64 0.3.0 2.73 31.80 34.53 OK
r-release-linux-x86_64 0.3.0 2.36 32.48 34.84 OK
r-release-macos-arm64 0.3.0 34.00 OK
r-release-macos-x86_64 0.3.0 42.00 OK
r-release-windows-x86_64 0.3.0 5.00 55.00 60.00 OK
r-oldrel-macos-arm64 0.3.0 26.00 OK
r-oldrel-macos-x86_64 0.3.0 36.00 OK
r-oldrel-windows-x86_64 0.3.0 4.00 58.00 62.00 OK

Check Details

Version: 0.3.0
Check: dependencies in R code
Result: NOTE
    Namespace in Imports field not imported from: ‘readr’
     All declared Imports should be used.
Flavors: r-devel-linux-x86_64-fedora-clang, r-devel-linux-x86_64-fedora-gcc