Last updated on 2025-04-29 12:52:32 CEST.
Flavor | Version | Tinstall | Tcheck | Ttotal | Status | Flags |
---|---|---|---|---|---|---|
r-devel-linux-x86_64-debian-clang | 2.9 | 13.00 | 51.96 | 64.96 | NOTE | |
r-devel-linux-x86_64-debian-gcc | 2.9 | 7.33 | 35.22 | 42.55 | NOTE | |
r-devel-linux-x86_64-fedora-clang | 2.9 | 101.30 | OK | |||
r-devel-linux-x86_64-fedora-gcc | 2.9 | 96.59 | OK | |||
r-devel-windows-x86_64 | 2.9 | 11.00 | 66.00 | 77.00 | OK | |
r-patched-linux-x86_64 | 2.9 | 11.25 | 49.48 | 60.73 | OK | |
r-release-linux-x86_64 | 2.9 | 11.82 | 49.25 | 61.07 | OK | |
r-release-macos-arm64 | 2.9 | 27.00 | OK | |||
r-release-macos-x86_64 | 2.9 | 54.00 | OK | |||
r-release-windows-x86_64 | 2.9 | 10.00 | 66.00 | 76.00 | OK | |
r-oldrel-macos-arm64 | 2.9 | 30.00 | OK | |||
r-oldrel-macos-x86_64 | 2.9 | 41.00 | OK | |||
r-oldrel-windows-x86_64 | 2.9 | 11.00 | 65.00 | 76.00 | OK |
Version: 2.9
Check: CRAN incoming feasibility
Result: NOTE
Maintainer: ‘Takeshi Emura <takeshiemura@gmail.com>’
No Authors@R field in DESCRIPTION.
Please add one, modifying
Authors@R: c(person(given = "Takeshi",
family = "Emura",
role = c("aut", "cre"),
email = "takeshiemura@gmail.com"),
person(given = "Xinwei",
family = "Huang",
role = "aut"),
person(given = "Ting-Hsuan",
family = "Long",
role = "aut"),
person(given = "Li-Hsien",
family = "Sun",
role = "aut"))
as necessary.
Flavors: r-devel-linux-x86_64-debian-clang, r-devel-linux-x86_64-debian-gcc