CRAN Package Check Results for Package CopCTS

Last updated on 2024-04-20 11:50:09 CEST.

Flavor Version Tinstall Tcheck Ttotal Status Flags
r-devel-linux-x86_64-debian-clang 1.0.0 10.47 92.88 103.35 NOTE
r-devel-linux-x86_64-debian-gcc 1.0.0 9.43 68.45 77.88 NOTE
r-devel-linux-x86_64-fedora-clang 1.0.0 126.79 NOTE
r-devel-linux-x86_64-fedora-gcc 1.0.0 122.22 NOTE
r-prerel-macos-arm64 1.0.0 39.00 NOTE
r-prerel-windows-x86_64 1.0.0 11.00 81.00 92.00 NOTE
r-patched-linux-x86_64 1.0.0 10.77 88.80 99.57 NOTE
r-release-linux-x86_64 1.0.0 12.84 91.92 104.76 OK
r-release-macos-arm64 1.0.0 42.00 OK
r-release-macos-x86_64 1.0.0 70.00 OK
r-release-windows-x86_64 1.0.0 13.00 97.00 110.00 OK
r-oldrel-macos-arm64 1.0.0 37.00 OK
r-oldrel-windows-x86_64 1.0.0 14.00 103.00 117.00 OK

Check Details

Version: 1.0.0
Check: Rd files
Result: NOTE checkRd: (-1) condQestCopC.Rd:45: Lost braces; missing escapes or markup? 45 | obtain the conditional qth quantile of Y_{n+1} given {Y1,...,Yn}. | ^ checkRd: (-1) condQestCopC.Rd:45: Lost braces; missing escapes or markup? 45 | obtain the conditional qth quantile of Y_{n+1} given {Y1,...,Yn}. | ^ checkRd: (-1) condQestCopC.Rd:40: Lost braces; missing escapes or markup? 40 | \code{condQestCopC} returns the conditional tao-th quantile of Y_{n+1} given {Y1,...,Yn} | ^ checkRd: (-1) condQestCopC.Rd:40: Lost braces; missing escapes or markup? 40 | \code{condQestCopC} returns the conditional tao-th quantile of Y_{n+1} given {Y1,...,Yn} | ^ Flavors: r-devel-linux-x86_64-debian-clang, r-devel-linux-x86_64-debian-gcc, r-devel-linux-x86_64-fedora-clang, r-devel-linux-x86_64-fedora-gcc, r-prerel-macos-arm64, r-prerel-windows-x86_64, r-patched-linux-x86_64