Last updated on 2023-12-09 11:49:20 CET.
Flavor | Version | Tinstall | Tcheck | Ttotal | Status | Flags |
---|---|---|---|---|---|---|
r-devel-linux-x86_64-debian-clang | 0.1.1 | 3.42 | 128.66 | 132.08 | NOTE | |
r-devel-linux-x86_64-debian-gcc | 0.1.1 | 2.47 | 92.29 | 94.76 | NOTE | |
r-devel-linux-x86_64-fedora-clang | 0.1.1 | 163.61 | OK | |||
r-devel-linux-x86_64-fedora-gcc | 0.1.1 | 173.59 | OK | |||
r-devel-windows-x86_64 | 0.1.1 | 5.00 | 114.00 | 119.00 | OK | |
r-patched-linux-x86_64 | 0.1.1 | 3.73 | 123.83 | 127.56 | OK | |
r-release-linux-x86_64 | 0.1.1 | 2.41 | 122.28 | 124.69 | OK | |
r-release-macos-arm64 | 0.1.1 | 54.00 | OK | |||
r-release-macos-x86_64 | 0.1.1 | 90.00 | OK | |||
r-release-windows-x86_64 | 0.1.1 | 5.00 | 141.00 | 146.00 | OK | |
r-oldrel-macos-arm64 | 0.1.1 | 56.00 | OK | |||
r-oldrel-macos-x86_64 | 0.1.1 | 69.00 | OK | |||
r-oldrel-windows-x86_64 | 0.1.1 | 6.00 | 136.00 | 142.00 | OK |
Version: 0.1.1
Check: Rd files
Result: NOTE
checkRd: (-1) cf_grid.Rd:38: Lost braces; missing escapes or markup?
38 | heat.colors, terrain.colors, topo.colors, and function(x) {gray((1:x)/x)}.}
| ^
checkRd: (-1) cf_highdim.Rd:58: Lost braces; missing escapes or markup?
58 | heat.colors, terrain.colors, topo.colors, and function(x) {gray((1:x)/x)}.}
| ^
checkRd: (-1) gcf_grid.Rd:51: Lost braces; missing escapes or markup?
51 | heat.colors, terrain.colors, topo.colors, and function(x) {gray((1:x)/x)}.}
| ^
Flavors: r-devel-linux-x86_64-debian-clang, r-devel-linux-x86_64-debian-gcc