Last updated on 2025-07-20 12:49:22 CEST.
Flavor | Version | Tinstall | Tcheck | Ttotal | Status | Flags |
---|---|---|---|---|---|---|
r-devel-linux-x86_64-debian-clang | 1.1.0 | 6.92 | 116.91 | 123.83 | OK | |
r-devel-linux-x86_64-debian-gcc | 1.1.0 | 4.63 | 88.70 | 93.33 | OK | |
r-devel-linux-x86_64-fedora-clang | 1.1.0 | 172.98 | OK | |||
r-devel-linux-x86_64-fedora-gcc | 1.1.0 | 183.27 | OK | |||
r-devel-windows-x86_64 | 1.1.0 | 10.00 | 226.00 | 236.00 | OK | |
r-patched-linux-x86_64 | 1.1.0 | 6.91 | 113.48 | 120.39 | OK | |
r-release-linux-x86_64 | 1.1.0 | 6.41 | 111.66 | 118.07 | OK | |
r-release-macos-arm64 | 1.1.0 | 124.00 | OK | |||
r-release-macos-x86_64 | 1.1.0 | 260.00 | OK | |||
r-release-windows-x86_64 | 1.1.0 | 8.00 | 228.00 | 236.00 | OK | |
r-oldrel-macos-arm64 | 1.1.0 | 103.00 | NOTE | |||
r-oldrel-macos-x86_64 | 1.1.0 | 230.00 | NOTE | |||
r-oldrel-windows-x86_64 | 1.1.0 | 13.00 | 316.00 | 329.00 | NOTE |
Version: 1.1.0
Check: installed package size
Result: NOTE
installed size is 6.5Mb
sub-directories of 1Mb or more:
doc 5.4Mb
Flavors: r-oldrel-macos-arm64, r-oldrel-macos-x86_64, r-oldrel-windows-x86_64