Last updated on 2024-04-19 11:56:41 CEST.
Flavor | Version | Tinstall | Tcheck | Ttotal | Status | Flags |
---|---|---|---|---|---|---|
r-devel-linux-x86_64-debian-clang | 1.0 | 4.44 | 101.63 | 106.07 | OK | |
r-devel-linux-x86_64-debian-gcc | 1.0 | OK | ||||
r-devel-linux-x86_64-fedora-clang | 1.0 | 126.89 | NOTE | |||
r-devel-linux-x86_64-fedora-gcc | 1.0 | 130.91 | NOTE | |||
r-prerel-macos-arm64 | 1.0 | 44.00 | OK | |||
r-prerel-windows-x86_64 | 1.0 | 5.00 | 89.00 | 94.00 | OK | |
r-patched-linux-x86_64 | 1.0 | 4.86 | 93.92 | 98.78 | OK | |
r-release-linux-x86_64 | 1.0 | 3.85 | 94.50 | 98.35 | OK | |
r-release-macos-arm64 | 1.0 | 47.00 | OK | |||
r-release-macos-x86_64 | 1.0 | 68.00 | OK | |||
r-release-windows-x86_64 | 1.0 | 5.00 | 107.00 | 112.00 | OK | |
r-oldrel-macos-arm64 | 1.0 | 41.00 | OK | |||
r-oldrel-windows-x86_64 | 1.0 | 6.00 | 106.00 | 112.00 | OK |
Version: 1.0
Check: dependencies in R code
Result: NOTE
Namespace in Imports field not imported from: ‘mvtnorm’
All declared Imports should be used.
Flavors: r-devel-linux-x86_64-fedora-clang, r-devel-linux-x86_64-fedora-gcc