Last updated on 2025-04-29 12:52:32 CEST.
Flavor | Version | Tinstall | Tcheck | Ttotal | Status | Flags |
---|---|---|---|---|---|---|
r-devel-linux-x86_64-debian-clang | 1.0.2 | 1.85 | 20.13 | 21.98 | NOTE | |
r-devel-linux-x86_64-debian-gcc | 1.0.2 | 1.51 | 15.59 | 17.10 | NOTE | |
r-devel-linux-x86_64-fedora-clang | 1.0.2 | 34.38 | OK | |||
r-devel-linux-x86_64-fedora-gcc | 1.0.2 | 34.94 | OK | |||
r-devel-windows-x86_64 | 1.0.2 | 3.00 | 44.00 | 47.00 | OK | |
r-patched-linux-x86_64 | 1.0.2 | 1.48 | 19.25 | 20.73 | OK | |
r-release-linux-x86_64 | 1.0.2 | 1.81 | 19.23 | 21.04 | OK | |
r-release-macos-arm64 | 1.0.2 | 14.00 | OK | |||
r-release-macos-x86_64 | 1.0.2 | 24.00 | OK | |||
r-release-windows-x86_64 | 1.0.2 | 3.00 | 43.00 | 46.00 | OK | |
r-oldrel-macos-arm64 | 1.0.2 | 17.00 | OK | |||
r-oldrel-macos-x86_64 | 1.0.2 | 21.00 | OK | |||
r-oldrel-windows-x86_64 | 1.0.2 | 3.00 | 42.00 | 45.00 | OK |
Version: 1.0.2
Check: CRAN incoming feasibility
Result: NOTE
Maintainer: ‘Mathias Fuchs<mathias@mathiasfuchs.de>’
No Authors@R field in DESCRIPTION.
Please add one, modifying
Authors@R: person(given = "Mathias",
family = "Fuchs",
role = c("aut", "cre"),
email = "mathias@mathiasfuchs.de")
as necessary.
Found the following \keyword or \concept entries
which likely give several index terms:
File ‘confIntVariance-package.Rd’:
\keyword{variance, confidence interval}
Flavors: r-devel-linux-x86_64-debian-clang, r-devel-linux-x86_64-debian-gcc