CRAN Package Check Results for Package CompareCausalNetworks

Last updated on 2024-02-21 11:01:05 CET.

Flavor Version Tinstall Tcheck Ttotal Status Flags
r-devel-linux-x86_64-debian-clang 0.2.6.2 NOTE
r-devel-linux-x86_64-debian-gcc 0.2.6.2 8.88 93.34 102.22 NOTE
r-devel-linux-x86_64-fedora-clang 0.2.6.2 173.31 NOTE
r-devel-linux-x86_64-fedora-gcc 0.2.6.2 169.30 NOTE
r-devel-windows-x86_64 0.2.6.2 10.00 103.00 113.00 NOTE
r-patched-linux-x86_64 0.2.6.2 10.27 120.77 131.04 NOTE
r-release-linux-x86_64 0.2.6.2 11.05 122.51 133.56 NOTE
r-release-macos-arm64 0.2.6.2 51.00 NOTE
r-release-macos-x86_64 0.2.6.2 66.00 NOTE
r-release-windows-x86_64 0.2.6.2 12.00 124.00 136.00 NOTE
r-oldrel-macos-arm64 0.2.6.2 50.00 NOTE
r-oldrel-windows-x86_64 0.2.6.2 14.00 133.00 147.00 NOTE

Check Details

Version: 0.2.6.2
Check: package dependencies
Result: NOTE Package suggested but not available for checking: ‘CAM’ Flavors: r-devel-linux-x86_64-debian-clang, r-devel-linux-x86_64-debian-gcc, r-devel-linux-x86_64-fedora-clang, r-devel-linux-x86_64-fedora-gcc, r-devel-windows-x86_64, r-patched-linux-x86_64, r-release-linux-x86_64, r-release-macos-arm64, r-release-windows-x86_64, r-oldrel-macos-arm64, r-oldrel-windows-x86_64

Version: 0.2.6.2
Check: package dependencies
Result: NOTE Packages suggested but not available for checking: 'pcalg', 'InvariantCausalPrediction', 'backShift', 'CAM', 'mboost', 'huge', 'flare' Flavor: r-release-macos-x86_64