Last updated on 2024-04-17 10:41:33 CEST.
Flavor | Version | Tinstall | Tcheck | Ttotal | Status | Flags |
---|---|---|---|---|---|---|
r-devel-linux-x86_64-debian-clang | 0.2.6.2 | 8.77 | 124.08 | 132.85 | NOTE | |
r-devel-linux-x86_64-debian-gcc | 0.2.6.2 | 8.75 | 91.81 | 100.56 | NOTE | |
r-devel-linux-x86_64-fedora-clang | 0.2.6.2 | 164.85 | NOTE | |||
r-devel-linux-x86_64-fedora-gcc | 0.2.6.2 | 158.18 | NOTE | |||
r-prerel-macos-arm64 | 0.2.6.2 | 49.00 | NOTE | |||
r-prerel-windows-x86_64 | 0.2.6.2 | 9.00 | 118.00 | 127.00 | NOTE | |
r-patched-linux-x86_64 | 0.2.6.2 | 11.84 | 117.98 | 129.82 | NOTE | |
r-release-linux-x86_64 | 0.2.6.2 | 8.55 | 120.39 | 128.94 | NOTE | |
r-release-macos-arm64 | 0.2.6.2 | 51.00 | NOTE | |||
r-release-macos-x86_64 | 0.2.6.2 | 66.00 | NOTE | |||
r-release-windows-x86_64 | 0.2.6.2 | 13.00 | 125.00 | 138.00 | NOTE | |
r-oldrel-macos-arm64 | 0.2.6.2 | 50.00 | NOTE | |||
r-oldrel-windows-x86_64 | 0.2.6.2 | 13.00 | 125.00 | 138.00 | NOTE |
Version: 0.2.6.2
Check: package dependencies
Result: NOTE
Package suggested but not available for checking: ‘CAM’
Flavors: r-devel-linux-x86_64-debian-clang, r-devel-linux-x86_64-debian-gcc, r-devel-linux-x86_64-fedora-clang, r-devel-linux-x86_64-fedora-gcc, r-prerel-macos-arm64, r-prerel-windows-x86_64, r-patched-linux-x86_64, r-release-linux-x86_64, r-release-macos-arm64, r-release-windows-x86_64, r-oldrel-macos-arm64, r-oldrel-windows-x86_64
Version: 0.2.6.2
Check: package dependencies
Result: NOTE
Packages suggested but not available for checking:
'pcalg', 'InvariantCausalPrediction', 'backShift', 'CAM', 'mboost',
'huge', 'flare'
Flavor: r-release-macos-x86_64