Last updated on 2025-05-04 12:48:38 CEST.
Flavor | Version | Tinstall | Tcheck | Ttotal | Status | Flags |
---|---|---|---|---|---|---|
r-devel-linux-x86_64-debian-clang | 0.1.0 | 16.00 | 113.99 | 129.99 | OK | |
r-devel-linux-x86_64-debian-gcc | 0.1.0 | 11.35 | 80.15 | 91.50 | OK | |
r-devel-linux-x86_64-fedora-clang | 0.1.0 | 197.47 | NOTE | |||
r-devel-linux-x86_64-fedora-gcc | 0.1.0 | 191.95 | NOTE | |||
r-devel-windows-x86_64 | 0.1.0 | 20.00 | 112.00 | 132.00 | OK | |
r-patched-linux-x86_64 | 0.1.0 | 15.35 | 106.05 | 121.40 | OK | |
r-release-linux-x86_64 | 0.1.0 | 16.71 | 107.55 | 124.26 | OK | |
r-release-macos-arm64 | 0.1.0 | 51.00 | OK | |||
r-release-macos-x86_64 | 0.1.0 | 100.00 | OK | |||
r-release-windows-x86_64 | 0.1.0 | 19.00 | 111.00 | 130.00 | OK | |
r-oldrel-macos-arm64 | 0.1.0 | 53.00 | OK | |||
r-oldrel-macos-x86_64 | 0.1.0 | 74.00 | OK | |||
r-oldrel-windows-x86_64 | 0.1.0 | 22.00 | 144.00 | 166.00 | OK |
Version: 0.1.0
Check: dependencies in R code
Result: NOTE
Namespace in Imports field not imported from: ‘devtools’
All declared Imports should be used.
Flavors: r-devel-linux-x86_64-fedora-clang, r-devel-linux-x86_64-fedora-gcc