CRAN Package Check Results for Package ColorNameR

Last updated on 2024-02-21 11:01:05 CET.

Flavor Version Tinstall Tcheck Ttotal Status Flags
r-devel-linux-x86_64-debian-clang 0.1.0 OK
r-devel-linux-x86_64-debian-gcc 0.1.0 2.44 30.44 32.88 OK
r-devel-linux-x86_64-fedora-clang 0.1.0 54.76 NOTE
r-devel-linux-x86_64-fedora-gcc 0.1.0 50.85 NOTE
r-devel-windows-x86_64 0.1.0 4.00 49.00 53.00 OK
r-patched-linux-x86_64 0.1.0 2.48 38.88 41.36 OK
r-release-linux-x86_64 0.1.0 2.82 39.21 42.03 OK
r-release-macos-arm64 0.1.0 21.00 OK
r-release-macos-x86_64 0.1.0 30.00 OK
r-release-windows-x86_64 0.1.0 5.00 54.00 59.00 OK
r-oldrel-macos-arm64 0.1.0 18.00 NOTE
r-oldrel-windows-x86_64 0.1.0 5.00 59.00 64.00 OK

Check Details

Version: 0.1.0
Check: data for non-ASCII characters
Result: NOTE Note: found 742 marked UTF-8 strings Flavors: r-devel-linux-x86_64-fedora-clang, r-devel-linux-x86_64-fedora-gcc, r-oldrel-macos-arm64