Last updated on 2023-02-02 11:53:55 CET.
Flavor | Version | Tinstall | Tcheck | Ttotal | Status | Flags |
---|---|---|---|---|---|---|
r-devel-linux-x86_64-debian-clang | 0.1.0 | 2.66 | 40.28 | 42.94 | OK | |
r-devel-linux-x86_64-debian-gcc | 0.1.0 | 2.28 | 30.88 | 33.16 | OK | |
r-devel-linux-x86_64-fedora-clang | 0.1.0 | 54.08 | NOTE | |||
r-devel-linux-x86_64-fedora-gcc | 0.1.0 | 54.23 | NOTE | |||
r-patched-linux-x86_64 | 0.1.0 | 3.53 | 39.80 | 43.33 | OK | |
r-release-linux-x86_64 | 0.1.0 | 3.21 | 40.87 | 44.08 | OK | |
r-release-macos-arm64 | 0.1.0 | 18.00 | NOTE | |||
r-release-macos-x86_64 | 0.1.0 | 35.00 | NOTE | |||
r-release-windows-x86_64 | 0.1.0 | 18.00 | 70.00 | 88.00 | OK | |
r-oldrel-macos-arm64 | 0.1.0 | 26.00 | NOTE | |||
r-oldrel-macos-x86_64 | 0.1.0 | 24.00 | NOTE | |||
r-oldrel-windows-ix86+x86_64 | 0.1.0 | 8.00 | 67.00 | 75.00 | OK |
Version: 0.1.0
Check: data for non-ASCII characters
Result: NOTE
Note: found 742 marked UTF-8 strings
Flavors: r-devel-linux-x86_64-fedora-clang, r-devel-linux-x86_64-fedora-gcc, r-release-macos-arm64, r-release-macos-x86_64, r-oldrel-macos-arm64, r-oldrel-macos-x86_64