CRAN Package Check Results for Package CodeDepends

Last updated on 2024-03-04 12:52:11 CET.

Flavor Version Tinstall Tcheck Ttotal Status Flags
r-devel-linux-x86_64-debian-clang 0.6.5 11.14 85.46 96.60 NOTE
r-devel-linux-x86_64-debian-gcc 0.6.5 10.29 64.11 74.40 NOTE
r-devel-linux-x86_64-fedora-clang 0.6.5 124.01 NOTE
r-devel-linux-x86_64-fedora-gcc 0.6.5 137.04 NOTE
r-devel-windows-x86_64 0.6.5 12.00 87.00 99.00 NOTE
r-patched-linux-x86_64 0.6.5 11.30 81.67 92.97 NOTE
r-release-linux-x86_64 0.6.5 10.56 82.62 93.18 NOTE
r-release-macos-arm64 0.6.5 46.00 OK
r-release-macos-x86_64 0.6.5 73.00 OK
r-release-windows-x86_64 0.6.5 12.00 101.00 113.00 OK
r-oldrel-macos-arm64 0.6.5 39.00 OK
r-oldrel-windows-x86_64 0.6.5 18.00 106.00 124.00 OK

Check Details

Version: 0.6.5
Check: Rd files
Result: NOTE checkRd: (-1) asVarName.Rd:25: Lost braces in \itemize; meant \describe ? checkRd: (-1) asVarName.Rd:26-27: Lost braces in \itemize; meant \describe ? checkRd: (-1) asVarName.Rd:28-30: Lost braces in \itemize; meant \describe ? Flavors: r-devel-linux-x86_64-debian-clang, r-devel-linux-x86_64-debian-gcc, r-devel-linux-x86_64-fedora-clang, r-devel-linux-x86_64-fedora-gcc, r-devel-windows-x86_64

Version: 0.6.5
Check: for non-standard things in the check directory
Result: NOTE Found the following files/directories: ‘foo.R’ ‘foo.html’ Flavors: r-devel-linux-x86_64-debian-clang, r-devel-linux-x86_64-debian-gcc, r-devel-linux-x86_64-fedora-clang, r-devel-linux-x86_64-fedora-gcc, r-patched-linux-x86_64, r-release-linux-x86_64