Last updated on 2024-04-18 12:52:40 CEST.
Flavor | Version | Tinstall | Tcheck | Ttotal | Status | Flags |
---|---|---|---|---|---|---|
r-devel-linux-x86_64-debian-clang | 0.7.0 | 79.43 | 335.45 | 414.88 | OK | |
r-devel-linux-x86_64-debian-gcc | 0.7.0 | 52.86 | 243.14 | 296.00 | OK | |
r-devel-linux-x86_64-fedora-clang | 0.7.0 | 509.46 | NOTE | |||
r-devel-linux-x86_64-fedora-gcc | 0.7.0 | 491.69 | NOTE | |||
r-prerel-macos-arm64 | 0.7.0 | 118.00 | NOTE | |||
r-prerel-macos-x86_64 | 0.7.0 | 9.00 | ERROR | |||
r-prerel-windows-x86_64 | 0.7.0 | 51.00 | 397.00 | 448.00 | ERROR | |
r-patched-linux-x86_64 | 0.7.0 | 0.97 | 2.44 | 3.41 | ERROR | |
r-release-linux-x86_64 | 0.7.0 | 0.67 | 2.31 | 2.98 | ERROR | |
r-release-macos-arm64 | 0.7.0 | 16.00 | ERROR | |||
r-release-macos-x86_64 | 0.7.0 | 166.00 | NOTE | |||
r-release-windows-x86_64 | 0.7.0 | 65.00 | 298.00 | 363.00 | NOTE | |
r-oldrel-macos-arm64 | 0.7.0 | 103.00 | NOTE | |||
r-oldrel-windows-x86_64 | 0.7.0 | 69.00 | 302.00 | 371.00 | NOTE |
Version: 0.7.0
Check: installed package size
Result: NOTE
installed size is 5.1Mb
sub-directories of 1Mb or more:
data 3.5Mb
Flavors: r-devel-linux-x86_64-fedora-clang, r-prerel-macos-arm64, r-prerel-windows-x86_64, r-release-macos-x86_64, r-release-windows-x86_64, r-oldrel-macos-arm64, r-oldrel-windows-x86_64
Version: 0.7.0
Check: data for non-ASCII characters
Result: NOTE
Note: found 59 marked UTF-8 strings
Flavors: r-devel-linux-x86_64-fedora-clang, r-devel-linux-x86_64-fedora-gcc
Version: 0.7.0
Check: package dependencies
Result: ERROR
Package required but not available: ‘ctsem’
See section ‘The DESCRIPTION file’ in the ‘Writing R Extensions’
manual.
Flavors: r-prerel-macos-x86_64, r-patched-linux-x86_64, r-release-linux-x86_64, r-release-macos-arm64
Version: 0.7.0
Check: whether the package can be loaded
Result: ERROR
Loading required package: OpenMx
Loading required package: ctsem
Loading required package: Rcpp
ctsem also changes in time, for manual run ctDocs(), for blog see https://cdriver.netlify.app/, for citation info run citation('ctsem'), for original OpenMx functionality install.packages('ctsemOMX'), and for discussion https://github.com/cdriveraus/ctsem/discussions
Warning: unable to access index for repository https://cloud.r-project.org/src/contrib:
cannot open URL 'https://cloud.r-project.org/src/contrib/PACKAGES'
Error in if (is.na(a)) return(-1L) : argument is of length zero
Loading required package: lavaan
This is lavaan 0.6-17
lavaan is FREE software! Please report any bugs.
Loading required package: foreach
It looks like this package has a loading problem: see the messages for
details.
Flavor: r-prerel-windows-x86_64
Version: 0.7.0
Check: whether the package can be loaded with stated dependencies
Result: WARN
Loading required package: OpenMx
Loading required package: ctsem
Loading required package: Rcpp
ctsem also changes in time, for manual run ctDocs(), for blog see https://cdriver.netlify.app/, for citation info run citation('ctsem'), for original OpenMx functionality install.packages('ctsemOMX'), and for discussion https://github.com/cdriveraus/ctsem/discussions
Warning: unable to access index for repository https://cloud.r-project.org/src/contrib:
cannot open URL 'https://cloud.r-project.org/src/contrib/PACKAGES'
Error in if (is.na(a)) return(-1L) : argument is of length zero
Loading required package: lavaan
This is lavaan 0.6-17
lavaan is FREE software! Please report any bugs.
Loading required package: foreach
It looks like this package (or one of its dependent packages) has an
unstated dependence on a standard package. All dependencies must be
declared in DESCRIPTION.
See section 'The DESCRIPTION file' in the 'Writing R Extensions'
manual.
Flavor: r-prerel-windows-x86_64
Version: 0.7.0
Check: whether the package can be unloaded cleanly
Result: WARN
---- unloading
Flavor: r-prerel-windows-x86_64
Version: 0.7.0
Check: loading without being on the library search path
Result: WARN
Loading required package: OpenMx
Loading required package: ctsem
Loading required package: Rcpp
ctsem also changes in time, for manual run ctDocs(), for blog see https://cdriver.netlify.app/, for citation info run citation('ctsem'), for original OpenMx functionality install.packages('ctsemOMX'), and for discussion https://github.com/cdriveraus/ctsem/discussions
Warning: unable to access index for repository https://cloud.r-project.org/src/contrib:
cannot open URL 'https://cloud.r-project.org/src/contrib/PACKAGES'
Error in if (is.na(a)) return(-1L) : argument is of length zero
Loading required package: lavaan
This is lavaan 0.6-17
lavaan is FREE software! Please report any bugs.
Loading required package: foreach
It looks like this package has a loading problem when not on .libPaths:
see the messages for details.
Flavor: r-prerel-windows-x86_64