Last updated on 2025-05-06 12:49:35 CEST.
Flavor | Version | Tinstall | Tcheck | Ttotal | Status | Flags |
---|---|---|---|---|---|---|
r-devel-linux-x86_64-debian-clang | 1.1.2 | 25.23 | 52.44 | 77.67 | NOTE | |
r-devel-linux-x86_64-debian-gcc | 1.1.2 | 17.05 | 38.22 | 55.27 | NOTE | |
r-devel-linux-x86_64-fedora-clang | 1.1.2 | 142.18 | NOTE | |||
r-devel-linux-x86_64-fedora-gcc | 1.1.2 | 125.09 | NOTE | |||
r-devel-windows-x86_64 | 1.1.2 | 32.00 | 93.00 | 125.00 | NOTE | |
r-patched-linux-x86_64 | 1.1.2 | 24.78 | 48.26 | 73.04 | NOTE | |
r-release-linux-x86_64 | 1.1.2 | 25.58 | 48.61 | 74.19 | NOTE | |
r-release-macos-arm64 | 1.1.2 | 38.00 | NOTE | |||
r-release-macos-x86_64 | 1.1.2 | 80.00 | NOTE | |||
r-release-windows-x86_64 | 1.1.2 | 31.00 | 100.00 | 131.00 | NOTE | |
r-oldrel-macos-arm64 | 1.1.2 | 36.00 | NOTE | |||
r-oldrel-macos-x86_64 | 1.1.2 | 53.00 | NOTE | |||
r-oldrel-windows-x86_64 | 1.1.2 | 39.00 | 112.00 | 151.00 | NOTE |
Version: 1.1.2
Check: C++ specification
Result: NOTE
Specified C++11: please drop specification unless essential
Flavors: r-devel-linux-x86_64-debian-clang, r-devel-linux-x86_64-debian-gcc, r-devel-linux-x86_64-fedora-clang, r-devel-linux-x86_64-fedora-gcc, r-devel-windows-x86_64, r-patched-linux-x86_64, r-release-linux-x86_64, r-release-macos-arm64, r-release-macos-x86_64, r-release-windows-x86_64, r-oldrel-macos-arm64, r-oldrel-macos-x86_64, r-oldrel-windows-x86_64