CRAN Package Check Results for Package CoNI

Last updated on 2024-03-02 11:49:29 CET.

Flavor Version Tinstall Tcheck Ttotal Status Flags
r-devel-linux-x86_64-debian-clang 0.1.0 36.16 358.55 394.71 NOTE
r-devel-linux-x86_64-debian-gcc 0.1.0 25.20 265.77 290.97 NOTE
r-devel-linux-x86_64-fedora-clang 0.1.0 498.04 NOTE
r-devel-linux-x86_64-fedora-gcc 0.1.0 495.85 NOTE
r-devel-windows-x86_64 0.1.0 32.00 255.00 287.00 OK
r-patched-linux-x86_64 0.1.0 23.55 322.98 346.53 OK
r-release-linux-x86_64 0.1.0 25.21 346.03 371.24 OK
r-release-macos-arm64 0.1.0 142.00 OK
r-release-macos-x86_64 0.1.0 254.00 OK
r-release-windows-x86_64 0.1.0 42.00 330.00 372.00 OK
r-oldrel-macos-arm64 0.1.0 126.00 OK
r-oldrel-windows-x86_64 0.1.0 40.00 316.00 356.00 OK

Check Details

Version: 0.1.0
Check: Rd files
Result: NOTE checkRd: (-1) NetStats.Rd:15: Lost braces in \itemize; \value handles \item{}{} directly checkRd: (-1) NetStats.Rd:16: Lost braces in \itemize; \value handles \item{}{} directly checkRd: (-1) NetStats.Rd:17: Lost braces in \itemize; \value handles \item{}{} directly checkRd: (-1) NetStats.Rd:18: Lost braces in \itemize; \value handles \item{}{} directly checkRd: (-1) NetStats.Rd:19: Lost braces in \itemize; \value handles \item{}{} directly checkRd: (-1) NetStats.Rd:20: Lost braces in \itemize; \value handles \item{}{} directly checkRd: (-1) NetStats.Rd:21: Lost braces in \itemize; \value handles \item{}{} directly checkRd: (-1) NetStats.Rd:22: Lost braces in \itemize; \value handles \item{}{} directly checkRd: (-1) NetStats.Rd:23: Lost braces in \itemize; \value handles \item{}{} directly checkRd: (-1) generate_network.Rd:35: Lost braces in \itemize; \value handles \item{}{} directly checkRd: (-1) generate_network.Rd:36: Lost braces in \itemize; \value handles \item{}{} directly checkRd: (-1) generate_network.Rd:37: Lost braces in \itemize; \value handles \item{}{} directly checkRd: (-1) generate_network.Rd:38: Lost braces in \itemize; \value handles \item{}{} directly checkRd: (-1) generate_network.Rd:39: Lost braces in \itemize; \value handles \item{}{} directly checkRd: (-1) generate_network.Rd:40: Lost braces in \itemize; \value handles \item{}{} directly checkRd: (-1) generate_network.Rd:41: Lost braces in \itemize; \value handles \item{}{} directly checkRd: (-1) generate_network.Rd:42: Lost braces in \itemize; \value handles \item{}{} directly checkRd: (-1) generate_network.Rd:43: Lost braces in \itemize; \value handles \item{}{} directly Flavors: r-devel-linux-x86_64-debian-clang, r-devel-linux-x86_64-debian-gcc, r-devel-linux-x86_64-fedora-clang, r-devel-linux-x86_64-fedora-gcc