Last updated on 2024-08-16 12:49:05 CEST.
Flavor | Version | Tinstall | Tcheck | Ttotal | Status | Flags |
---|---|---|---|---|---|---|
r-devel-linux-x86_64-debian-clang | 1.3.3 | 56.65 | 156.07 | 212.72 | OK | |
r-devel-linux-x86_64-debian-gcc | 1.3.3 | 44.26 | 93.60 | 137.86 | OK | |
r-devel-linux-x86_64-fedora-clang | 1.3.3 | 347.20 | OK | |||
r-devel-linux-x86_64-fedora-gcc | 1.3.3 | 367.89 | OK | |||
r-devel-windows-x86_64 | 1.3.3 | 62.00 | 179.00 | 241.00 | OK | |
r-patched-linux-x86_64 | 1.3.3 | 62.87 | 131.11 | 193.98 | OK | |
r-release-linux-x86_64 | 1.3.3 | 62.78 | 135.38 | 198.16 | OK | |
r-release-macos-arm64 | 1.3.3 | 107.00 | NOTE | |||
r-release-macos-x86_64 | 1.3.3 | 325.00 | NOTE | |||
r-release-windows-x86_64 | 1.3.3 | 62.00 | 180.00 | 242.00 | OK | |
r-oldrel-macos-arm64 | 1.3.3 | 150.00 | NOTE | |||
r-oldrel-macos-x86_64 | 1.3.3 | 324.00 | NOTE | |||
r-oldrel-windows-x86_64 | 1.3.3 | 76.00 | 238.00 | 314.00 | OK |
Version: 1.3.3
Check: installed package size
Result: NOTE
installed size is 9.3Mb
sub-directories of 1Mb or more:
libs 8.0Mb
Flavors: r-release-macos-arm64, r-release-macos-x86_64, r-oldrel-macos-arm64, r-oldrel-macos-x86_64