Last updated on 2024-04-23 10:53:59 CEST.
Flavor | Version | Tinstall | Tcheck | Ttotal | Status | Flags |
---|---|---|---|---|---|---|
r-devel-linux-x86_64-debian-clang | 1.3.2 | 77.34 | 197.34 | 274.68 | OK | |
r-devel-linux-x86_64-debian-gcc | 1.3.2 | 68.74 | 143.39 | 212.13 | OK | |
r-devel-linux-x86_64-fedora-clang | 1.3.2 | 355.71 | OK | |||
r-devel-linux-x86_64-fedora-gcc | 1.3.2 | 382.52 | OK | |||
r-prerel-macos-arm64 | 1.3.2 | 106.00 | NOTE | |||
r-prerel-windows-x86_64 | 1.3.2 | 65.00 | 186.00 | 251.00 | OK | |
r-patched-linux-x86_64 | 1.3.2 | 85.48 | 188.79 | 274.27 | OK | |
r-release-linux-x86_64 | 1.3.2 | 81.28 | 198.75 | 280.03 | OK | |
r-release-macos-arm64 | 1.3.2 | 109.00 | NOTE | |||
r-release-macos-x86_64 | 1.3.2 | 202.00 | NOTE | |||
r-release-windows-x86_64 | 1.3.2 | 80.00 | 239.00 | 319.00 | OK | |
r-oldrel-macos-arm64 | 1.3.2 | 107.00 | NOTE | |||
r-oldrel-windows-x86_64 | 1.3.2 | 73.00 | 245.00 | 318.00 | OK |
Version: 1.3.2
Check: installed package size
Result: NOTE
installed size is 9.3Mb
sub-directories of 1Mb or more:
libs 8.0Mb
Flavors: r-prerel-macos-arm64, r-release-macos-arm64, r-release-macos-x86_64, r-oldrel-macos-arm64