Last updated on 2025-10-21 11:53:19 CEST.
Flavor | Version | Tinstall | Tcheck | Ttotal | Status | Flags |
---|---|---|---|---|---|---|
r-devel-linux-x86_64-debian-clang | 0.1.0 | 5.94 | 72.05 | 77.99 | NOTE | |
r-devel-linux-x86_64-debian-gcc | 0.1.0 | 4.73 | 51.82 | 56.55 | NOTE | |
r-devel-linux-x86_64-fedora-clang | 0.1.0 | 121.30 | NOTE | |||
r-devel-linux-x86_64-fedora-gcc | 0.1.0 | 28.00 | 111.21 | 139.21 | NOTE | |
r-devel-windows-x86_64 | 0.1.0 | 9.00 | 79.00 | 88.00 | OK | |
r-patched-linux-x86_64 | 0.1.0 | 6.01 | 67.34 | 73.35 | OK | |
r-release-linux-x86_64 | 0.1.0 | 4.82 | 67.99 | 72.81 | OK | |
r-release-macos-arm64 | 0.1.0 | 50.00 | OK | |||
r-release-macos-x86_64 | 0.1.0 | 6.00 | 72.00 | 78.00 | OK | |
r-release-windows-x86_64 | 0.1.0 | 8.00 | 81.00 | 89.00 | OK | |
r-oldrel-macos-arm64 | 0.1.0 | 37.00 | OK | |||
r-oldrel-macos-x86_64 | 0.1.0 | 62.00 | OK | |||
r-oldrel-windows-x86_64 | 0.1.0 | 11.00 | 97.00 | 108.00 | OK |
Version: 0.1.0
Check: HTML version of manual
Result: NOTE
Found the following HTML validation problems:
plot_ClussCluster_Gap.html:46:1 (plot_ClussCluster_Gap.Rd:10): Warning: missing </ul> before </div>
print_ClussCluster.html:46:1 (print_ClussCluster.Rd:10): Warning: missing </ul> before </div>
print_ClussCluster_Gap.html:48:1 (print_ClussCluster_Gap.Rd:11): Warning: missing </ul> before </div>
Flavors: r-devel-linux-x86_64-debian-clang, r-devel-linux-x86_64-debian-gcc
Version: 0.1.0
Check: dependencies in R code
Result: NOTE
Namespace in Imports field not imported from: ‘utils’
All declared Imports should be used.
Flavors: r-devel-linux-x86_64-fedora-clang, r-devel-linux-x86_64-fedora-gcc