CRAN Package Check Results for Package ClussCluster

Last updated on 2022-06-24 11:52:04 CEST.

Flavor Version Tinstall Tcheck Ttotal Status Flags
r-devel-linux-x86_64-debian-clang 0.1.0 6.78 78.43 85.21 OK
r-devel-linux-x86_64-debian-gcc 0.1.0 5.35 57.59 62.94 OK
r-devel-linux-x86_64-fedora-clang 0.1.0 109.81 NOTE
r-devel-linux-x86_64-fedora-gcc 0.1.0 112.67 NOTE
r-devel-windows-x86_64 0.1.0 23.00 106.00 129.00 OK
r-patched-linux-x86_64 0.1.0 5.06 74.10 79.16 OK
r-release-linux-x86_64 0.1.0 6.24 74.11 80.35 OK
r-release-macos-arm64 0.1.0 29.00 NOTE
r-release-macos-x86_64 0.1.0 58.00 NOTE
r-release-windows-x86_64 0.1.0 20.00 104.00 124.00 OK
r-oldrel-macos-arm64 0.1.0 42.00 NOTE
r-oldrel-macos-x86_64 0.1.0 58.00 NOTE
r-oldrel-windows-ix86+x86_64 0.1.0 17.00 104.00 121.00 OK

Check Details

Version: 0.1.0
Check: dependencies in R code
Result: NOTE
    Namespace in Imports field not imported from: ‘utils’
     All declared Imports should be used.
Flavors: r-devel-linux-x86_64-fedora-clang, r-devel-linux-x86_64-fedora-gcc, r-release-macos-arm64, r-release-macos-x86_64, r-oldrel-macos-arm64, r-oldrel-macos-x86_64